CRAN Package Check Results for Package laGP

Last updated on 2021-01-19 05:48:05 CET.

Flavor Version Tinstall Tcheck Ttotal Status Flags
r-devel-linux-x86_64-debian-clang 1.5-5 17.91 80.34 98.25 NOTE --no-vignettes
r-devel-linux-x86_64-debian-gcc 1.5-5 12.49 61.23 73.72 NOTE --no-vignettes
r-devel-linux-x86_64-fedora-clang 1.5-5 128.14 NOTE --no-vignettes
r-devel-linux-x86_64-fedora-gcc 1.5-5 115.08 NOTE --no-vignettes
r-devel-windows-ix86+x86_64 1.5-5 36.00 149.00 185.00 OK --no-vignettes
r-patched-linux-x86_64 1.5-5 14.60 76.02 90.62 NOTE --no-vignettes
r-patched-solaris-x86 1.5-5 163.30 NOTE --no-vignettes
r-release-linux-x86_64 1.5-5 14.69 76.20 90.89 NOTE --no-vignettes
r-release-macos-x86_64 1.5-5 OK --no-vignettes
r-release-windows-ix86+x86_64 1.5-5 36.00 146.00 182.00 OK --no-vignettes
r-oldrel-macos-x86_64 1.5-5 OK --no-vignettes
r-oldrel-windows-ix86+x86_64 1.5-5 33.00 154.00 187.00 OK --no-vignettes

Additional issues

ATLAS

Check Details

Version: 1.5-5
Flags: --no-vignettes
Check: package dependencies
Result: NOTE
    Package suggested but not available for checking: 'DiceOptim'
Flavors: r-devel-linux-x86_64-debian-clang, r-devel-linux-x86_64-debian-gcc, r-devel-linux-x86_64-fedora-clang, r-devel-linux-x86_64-fedora-gcc, r-patched-linux-x86_64, r-patched-solaris-x86, r-release-linux-x86_64