CRAN Package Check Results for Package koRpus

Last updated on 2020-11-29 05:47:23 CET.

Flavor Version Tinstall Tcheck Ttotal Status Flags
r-devel-linux-x86_64-debian-clang 0.13-3 31.42 152.98 184.40 NOTE
r-devel-linux-x86_64-debian-gcc 0.13-3 21.00 113.63 134.63 NOTE
r-devel-linux-x86_64-fedora-clang 0.13-3 220.18 NOTE
r-devel-linux-x86_64-fedora-gcc 0.13-3 209.39 NOTE
r-devel-windows-ix86+x86_64 0.13-3 45.00 144.00 189.00 NOTE
r-patched-linux-x86_64 0.13-3 28.85 153.04 181.89 NOTE
r-patched-solaris-x86 0.13-3 264.50 NOTE
r-release-linux-x86_64 0.13-3 29.54 151.60 181.14 NOTE
r-release-macos-x86_64 0.13-3 NOTE
r-release-windows-ix86+x86_64 0.13-3 45.00 153.00 198.00 NOTE
r-oldrel-macos-x86_64 0.13-3 NOTE
r-oldrel-windows-ix86+x86_64 0.13-3 39.00 161.00 200.00 NOTE

Check Details

Version: 0.13-3
Check: package dependencies
Result: NOTE
    Packages suggested but not available for checking:
     'koRpus.lang.de', 'koRpus.lang.es', 'koRpus.lang.fr',
     'koRpus.lang.it', 'koRpus.lang.nl', 'koRpus.lang.pt',
     'koRpus.lang.ru'
    
    Package which this enhances but not available for checking: 'rkward'
Flavors: r-devel-linux-x86_64-debian-clang, r-devel-linux-x86_64-debian-gcc, r-devel-linux-x86_64-fedora-clang, r-devel-linux-x86_64-fedora-gcc, r-devel-windows-ix86+x86_64, r-patched-linux-x86_64, r-patched-solaris-x86, r-release-linux-x86_64, r-release-macos-x86_64, r-release-windows-ix86+x86_64, r-oldrel-macos-x86_64, r-oldrel-windows-ix86+x86_64