CRAN Package Check Results for Package kableExtra

Last updated on 2021-01-25 05:47:29 CET.

Flavor Version Tinstall Tcheck Ttotal Status Flags
r-devel-linux-x86_64-debian-clang 1.3.1 10.37 87.72 98.09 OK
r-devel-linux-x86_64-debian-gcc 1.3.1 7.39 67.93 75.32 OK
r-devel-linux-x86_64-fedora-clang 1.3.1 124.75 OK
r-devel-linux-x86_64-fedora-gcc 1.3.1 114.79 OK
r-devel-windows-ix86+x86_64 1.3.1 17.00 101.00 118.00 OK
r-patched-linux-x86_64 1.3.1 6.91 83.63 90.54 OK
r-patched-solaris-x86 1.3.1 135.20 WARN
r-release-linux-x86_64 1.3.1 7.51 84.57 92.08 OK
r-release-macos-x86_64 1.3.1 WARN
r-release-windows-ix86+x86_64 1.3.1 18.00 92.00 110.00 OK
r-oldrel-macos-x86_64 1.3.1 WARN
r-oldrel-windows-ix86+x86_64 1.3.1 12.00 124.00 136.00 OK

Additional issues

M1mac

Check Details

Version: 1.3.1
Check: re-building of vignette outputs
Result: WARN
    Error(s) in re-building vignettes:
     ...
    --- re-building ‘awesome_table_in_html.Rmd’ using rmarkdown
    Warning in engine$weave(file, quiet = quiet, encoding = enc) :
     Pandoc (>= 1.12.3) and/or pandoc-citeproc not available. Falling back to R Markdown v1.
    Quitting from lines 635-638 (awesome_table_in_html.Rmd)
    Error: processing vignette 'awesome_table_in_html.Rmd' failed with diagnostics:
    cannot open the connection
    --- failed re-building ‘awesome_table_in_html.Rmd’
    
    --- re-building ‘awesome_table_in_pdf.Rmd’ using rmarkdown
    Warning in engine$weave(file, quiet = quiet, encoding = enc) :
     Pandoc (>= 1.12.3) and/or pandoc-citeproc not available. Falling back to R Markdown v1.
    --- finished re-building ‘awesome_table_in_pdf.Rmd’
    
    --- re-building ‘best_practice_for_newline_in_latex_table.Rmd’ using rmarkdown
    Warning in engine$weave(file, quiet = quiet, encoding = enc) :
     Pandoc (>= 1.12.3) and/or pandoc-citeproc not available. Falling back to R Markdown v1.
    --- finished re-building ‘best_practice_for_newline_in_latex_table.Rmd’
    
    --- re-building ‘legacy_features.Rmd’ using rmarkdown
    Warning in engine$weave(file, quiet = quiet, encoding = enc) :
     Pandoc (>= 1.12.3) and/or pandoc-citeproc not available. Falling back to R Markdown v1.
    --- finished re-building ‘legacy_features.Rmd’
    
    --- re-building ‘use_kable_in_shiny.Rmd’ using rmarkdown
    Warning in engine$weave(file, quiet = quiet, encoding = enc) :
     Pandoc (>= 1.12.3) and/or pandoc-citeproc not available. Falling back to R Markdown v1.
    --- finished re-building ‘use_kable_in_shiny.Rmd’
    
    SUMMARY: processing the following file failed:
     ‘awesome_table_in_html.Rmd’
    
    Error: Vignette re-building failed.
    Execution halted
Flavor: r-patched-solaris-x86

Version: 1.3.1
Check: re-building of vignette outputs
Result: WARN
    Error(s) in re-building vignettes:
    --- re-building ‘awesome_table_in_html.Rmd’ using rmarkdown
    Warning in engine$weave(file, quiet = quiet, encoding = enc) :
     Pandoc (>= 1.12.3) and/or pandoc-citeproc not available. Falling back to R Markdown v1.
    Quitting from lines 635-638 (awesome_table_in_html.Rmd)
    Error: processing vignette 'awesome_table_in_html.Rmd' failed with diagnostics:
    cannot open the connection
    --- failed re-building ‘awesome_table_in_html.Rmd’
    
    --- re-building ‘awesome_table_in_pdf.Rmd’ using rmarkdown
    Warning in engine$weave(file, quiet = quiet, encoding = enc) :
     Pandoc (>= 1.12.3) and/or pandoc-citeproc not available. Falling back to R Markdown v1.
    --- finished re-building ‘awesome_table_in_pdf.Rmd’
    
    --- re-building ‘best_practice_for_newline_in_latex_table.Rmd’ using rmarkdown
    Warning in engine$weave(file, quiet = quiet, encoding = enc) :
     Pandoc (>= 1.12.3) and/or pandoc-citeproc not available. Falling back to R Markdown v1.
    --- finished re-building ‘best_practice_for_newline_in_latex_table.Rmd’
    
    --- re-building ‘legacy_features.Rmd’ using rmarkdown
    Warning in engine$weave(file, quiet = quiet, encoding = enc) :
     Pandoc (>= 1.12.3) and/or pandoc-citeproc not available. Falling back to R Markdown v1.
    --- finished re-building ‘legacy_features.Rmd’
    
    --- re-building ‘use_kable_in_shiny.Rmd’ using rmarkdown
    Warning in engine$weave(file, quiet = quiet, encoding = enc) :
     Pandoc (>= 1.12.3) and/or pandoc-citeproc not available. Falling back to R Markdown v1.
    --- finished re-building ‘use_kable_in_shiny.Rmd’
    
    SUMMARY: processing the following file failed:
     ‘awesome_table_in_html.Rmd’
    
    Error: Vignette re-building failed.
    Execution halted
Flavors: r-release-macos-x86_64, r-oldrel-macos-x86_64