CRAN Package Check Results for Package joineRML

Last updated on 2020-12-02 05:48:08 CET.

Flavor Version Tinstall Tcheck Ttotal Status Flags
r-devel-linux-x86_64-debian-clang 0.4.4 153.60 467.33 620.93 OK
r-devel-linux-x86_64-debian-gcc 0.4.4 77.83 341.31 419.14 OK
r-devel-linux-x86_64-fedora-clang 0.4.4 723.74 NOTE
r-devel-linux-x86_64-fedora-gcc 0.4.4 708.95 OK
r-devel-windows-ix86+x86_64 0.4.4 260.00 717.00 977.00 OK
r-patched-linux-x86_64 0.4.4 90.80 447.89 538.69 OK
r-patched-solaris-x86 0.4.4 919.30 OK
r-release-linux-x86_64 0.4.4 92.21 443.94 536.15 OK
r-release-macos-x86_64 0.4.4 NOTE
r-release-windows-ix86+x86_64 0.4.4 192.00 731.00 923.00 OK
r-oldrel-macos-x86_64 0.4.4 NOTE
r-oldrel-windows-ix86+x86_64 0.4.4 238.00 866.00 1104.00 OK

Check Details

Version: 0.4.4
Check: installed package size
Result: NOTE
     installed size is 7.4Mb
     sub-directories of 1Mb or more:
     data 1.3Mb
     libs 4.8Mb
Flavors: r-devel-linux-x86_64-fedora-clang, r-release-macos-x86_64, r-oldrel-macos-x86_64