CRAN Package Check Results for Package jSonarR

Last updated on 2020-11-25 05:49:06 CET.

Flavor Version Tinstall Tcheck Ttotal Status Flags
r-devel-linux-x86_64-debian-clang 1.1.1 3.74 30.58 34.32 NOTE
r-devel-linux-x86_64-debian-gcc 1.1.1 3.09 24.69 27.78 NOTE
r-devel-linux-x86_64-fedora-clang 1.1.1 45.47 NOTE
r-devel-linux-x86_64-fedora-gcc 1.1.1 35.92 NOTE
r-devel-windows-ix86+x86_64 1.1.1 6.00 58.00 64.00 NOTE
r-patched-linux-x86_64 1.1.1 3.44 29.37 32.81 NOTE
r-patched-solaris-x86 1.1.1 54.80 NOTE
r-release-linux-x86_64 1.1.1 3.11 30.32 33.43 NOTE
r-release-macos-x86_64 1.1.1 NOTE
r-release-windows-ix86+x86_64 1.1.1 6.00 43.00 49.00 NOTE
r-oldrel-macos-x86_64 1.1.1 NOTE
r-oldrel-windows-ix86+x86_64 1.1.1 4.00 43.00 47.00 NOTE

Check Details

Version: 1.1.1
Check: R code for possible problems
Result: NOTE
    sonarCSV: no visible global function definition for 'read.csv'
    Undefined global functions or variables:
     read.csv
    Consider adding
     importFrom("utils", "read.csv")
    to your NAMESPACE file.
Flavors: r-devel-linux-x86_64-debian-clang, r-devel-linux-x86_64-debian-gcc, r-devel-linux-x86_64-fedora-clang, r-devel-linux-x86_64-fedora-gcc, r-devel-windows-ix86+x86_64, r-patched-linux-x86_64, r-patched-solaris-x86, r-release-linux-x86_64, r-release-macos-x86_64, r-release-windows-ix86+x86_64, r-oldrel-macos-x86_64, r-oldrel-windows-ix86+x86_64