CRAN Package Check Results for Package ips

Last updated on 2021-04-15 05:47:58 CEST.

Flavor Version Tinstall Tcheck Ttotal Status Flags
r-devel-linux-x86_64-debian-clang 0.0.11 12.76 104.28 117.04 OK
r-devel-linux-x86_64-debian-gcc 0.0.11 10.34 80.74 91.08 OK
r-devel-linux-x86_64-fedora-clang 0.0.11 151.09 NOTE
r-devel-linux-x86_64-fedora-gcc 0.0.11 140.36 NOTE
r-devel-windows-ix86+x86_64 0.0.11 29.00 128.00 157.00 OK
r-devel-windows-x86_64-gcc10-UCRT 0.0.11 NOTE
r-patched-linux-x86_64 0.0.11 11.31 97.31 108.62 OK
r-patched-solaris-x86 0.0.11 204.20 NOTE
r-release-linux-x86_64 0.0.11 11.51 97.61 109.12 OK
r-release-macos-x86_64 0.0.11 NOTE
r-release-windows-ix86+x86_64 0.0.11 34.00 138.00 172.00 OK
r-oldrel-macos-x86_64 0.0.11 NOTE
r-oldrel-windows-ix86+x86_64 0.0.11 24.00 81.00 105.00 OK

Check Details

Version: 0.0.11
Check: dependencies in R code
Result: NOTE
    Namespace in Imports field not imported from: ‘seqinr’
     All declared Imports should be used.
Flavors: r-devel-linux-x86_64-fedora-clang, r-devel-linux-x86_64-fedora-gcc, r-devel-windows-x86_64-gcc10-UCRT, r-patched-solaris-x86, r-release-macos-x86_64, r-oldrel-macos-x86_64