CRAN Package Check Results for Package interventionalDBN

Last updated on 2020-11-26 05:49:01 CET.

Flavor Version Tinstall Tcheck Ttotal Status Flags
r-devel-linux-x86_64-debian-clang 1.2.2 5.26 41.71 46.97 NOTE
r-devel-linux-x86_64-debian-gcc 1.2.2 3.38 31.18 34.56 NOTE
r-devel-linux-x86_64-fedora-clang 1.2.2 61.02 NOTE
r-devel-linux-x86_64-fedora-gcc 1.2.2 50.31 NOTE
r-devel-windows-ix86+x86_64 1.2.2 8.00 60.00 68.00 NOTE
r-patched-linux-x86_64 1.2.2 4.83 39.58 44.41 NOTE
r-patched-solaris-x86 1.2.2 66.80 NOTE
r-release-linux-x86_64 1.2.2 5.29 38.67 43.96 NOTE
r-release-macos-x86_64 1.2.2 NOTE
r-release-windows-ix86+x86_64 1.2.2 8.00 39.00 47.00 NOTE
r-oldrel-macos-x86_64 1.2.2 NOTE
r-oldrel-windows-ix86+x86_64 1.2.2 5.00 58.00 63.00 NOTE

Check Details

Version: 1.2.2
Check: R code for possible problems
Result: NOTE
    interventionEffects: no visible binding for global variable 'sd'
    interventionEffects: no visible global function definition for 'pt'
    interventionEffects: no visible global function definition for 'sd'
    interventionalInference: no visible global function definition for 'sd'
    interventionalInferenceAdvanced: no visible global function definition
     for 'sd'
    linesROC: no visible global function definition for 'segments'
    plotMaxML: no visible global function definition for 'segments'
    Undefined global functions or variables:
     pt sd segments
    Consider adding
     importFrom("graphics", "segments")
     importFrom("stats", "pt", "sd")
    to your NAMESPACE file.
Flavors: r-devel-linux-x86_64-debian-clang, r-devel-linux-x86_64-debian-gcc, r-devel-linux-x86_64-fedora-clang, r-devel-linux-x86_64-fedora-gcc, r-devel-windows-ix86+x86_64, r-patched-linux-x86_64, r-patched-solaris-x86, r-release-linux-x86_64, r-release-macos-x86_64, r-release-windows-ix86+x86_64

Version: 1.2.2
Check: R code for possible problems
Result: NOTE
    interventionEffects: no visible binding for global variable ‘sd’
    interventionEffects: no visible global function definition for ‘pt’
    interventionEffects: no visible global function definition for ‘sd’
    interventionalInference: no visible global function definition for ‘sd’
    interventionalInferenceAdvanced: no visible global function definition
     for ‘sd’
    linesROC: no visible global function definition for ‘segments’
    plotMaxML: no visible global function definition for ‘plot’
    plotMaxML: no visible global function definition for ‘segments’
    Undefined global functions or variables:
     plot pt sd segments
    Consider adding
     importFrom("graphics", "plot", "segments")
     importFrom("stats", "pt", "sd")
    to your NAMESPACE file.
Flavors: r-oldrel-macos-x86_64, r-oldrel-windows-ix86+x86_64