CRAN Package Check Results for Package inline

Last updated on 2021-02-25 05:48:25 CET.

Flavor Version Tinstall Tcheck Ttotal Status Flags
r-devel-linux-x86_64-debian-clang 0.3.17 2.67 62.06 64.73 OK
r-devel-linux-x86_64-debian-gcc 0.3.17 2.13 40.44 42.57 OK
r-devel-linux-x86_64-fedora-clang 0.3.17 86.27 OK
r-devel-linux-x86_64-fedora-gcc 0.3.17 70.15 OK
r-devel-windows-ix86+x86_64 0.3.17 6.00 80.00 86.00 OK
r-patched-linux-x86_64 0.3.17 2.86 51.54 54.40 OK
r-patched-solaris-x86 0.3.17 85.60 ERROR
r-release-linux-x86_64 0.3.17 2.61 51.73 54.34 OK
r-release-macos-x86_64 0.3.17 OK
r-release-windows-ix86+x86_64 0.3.17 7.00 95.00 102.00 OK
r-oldrel-macos-x86_64 0.3.17 ERROR
r-oldrel-windows-ix86+x86_64 0.3.17 4.00 82.00 86.00 OK

Additional issues

M1mac

Check Details

Version: 0.3.17
Check: tests
Result: ERROR
     Running ‘tinytest.R’ [18s/30s]
    Running the tests in ‘tests/tinytest.R’ failed.
    Complete output:
     >
     > if (requireNamespace("tinytest", quietly=TRUE) &&
     + utils::packageVersion("tinytest") >= "1.1.0") {
     +
     + ## Set a seed to make the tests deterministic
     + set.seed(42)
     +
     + tinytest::test_package("inline")
     + }
    
     Running test_cfunction.R.............. 0 tests
     Running test_cfunction.R.............. 0 tests
     Running test_cfunction.R.............. 0 tests
     Running test_cfunction.R.............. 0 tests
     Running test_cfunction.R.............. 0 tests
     Running test_cfunction.R.............. 0 tests
     Running test_cfunction.R.............. 0 tests
     Running test_cfunction.R.............. 1 tests <1b>[0;32mOK<1b>[0m
     Running test_cfunction.R.............. 1 tests <1b>[0;32mOK<1b>[0m
     Running test_cfunction.R.............. 2 tests <1b>[0;32mOK<1b>[0m
     Running test_cfunction.R.............. 3 tests <1b>[0;32mOK<1b>[0m
     Running test_cfunction.R.............. 3 tests <1b>[0;32mOK<1b>[0m
     Running test_cfunction.R.............. 3 tests <1b>[0;32mOK<1b>[0m
     Running test_cfunction.R.............. 3 tests <1b>[0;32mOK<1b>[0m
     Running test_cfunction.R.............. 4 tests <1b>[0;32mOK<1b>[0m
     Running test_cfunction.R.............. 4 tests <1b>[0;32mOK<1b>[0m
     Running test_cfunction.R.............. 4 tests <1b>[0;32mOK<1b>[0m
     Running test_cfunction.R.............. 4 tests <1b>[0;32mOK<1b>[0m
     Running test_cfunction.R.............. 5 tests <1b>[0;32mOK<1b>[0m
     Running test_cfunction.R.............. 5 tests <1b>[0;32mOK<1b>[0m
     Running test_cfunction.R.............. 5 tests <1b>[0;32mOK<1b>[0m
     Running test_cfunction.R.............. 5 tests <1b>[0;32mOK<1b>[0m
     Running test_cfunction.R.............. 6 tests <1b>[0;32mOK<1b>[0m
     Running test_cfunction.R.............. 6 tests <1b>[0;32mOK<1b>[0m
     Running test_cfunction.R.............. 6 tests <1b>[0;32mOK<1b>[0m
     Running test_cfunction.R.............. 6 tests <1b>[0;32mOK<1b>[0m
     Running test_cfunction.R.............. 6 tests <1b>[0;32mOK<1b>[0m
     Running test_cfunction.R.............. 7 tests <1b>[0;32mOK<1b>[0m
     Running test_cfunction.R.............. 7 tests <1b>[0;32mOK<1b>[0m
     Running test_cfunction.R.............. 7 tests <1b>[0;32mOK<1b>[0m
     Running test_cfunction.R.............. 7 tests <1b>[0;32mOK<1b>[0m
     Running test_cfunction.R.............. 7 tests <1b>[0;32mOK<1b>[0m
     Running test_cfunction.R.............. 7 tests <1b>[0;32mOK<1b>[0m
     Running test_cfunction.R.............. 7 tests <1b>[0;32mOK<1b>[0m
     Running test_cfunction.R.............. 7 tests <1b>[0;32mOK<1b>[0m
     *** caught segfault ***
     address f91509c0, cause 'memory not mapped'
    
     Traceback:
     1: .Primitive(".C")(<pointer: f91509c0>, n = as.integer(n), x = as.double(x))
     2: fns[["squarefn"]](n, x)
     3: eval(expr, envir = e)
     4: eval(expr, envir = e)
     5: FUN(X[[i]], ...)
     6: lapply(basename(testfiles), run_test_file, at_home = at_home, verbose = verbose, color = color, remove_side_effects = remove_side_effects, ...)
     7: run_test_dir(testdir, at_home = at_home, cluster = cluster, ...)
     8: tinytest::test_package("inline")
     An irrecoverable exception occurred. R is aborting now ...
Flavor: r-patched-solaris-x86

Version: 0.3.17
Check: tests
Result: ERROR
     Running ‘tinytest.R’ [18s/19s]
    Running the tests in ‘tests/tinytest.R’ failed.
    Last 13 lines of output:
     Running test_utilities.R.............. 4 tests <1b>[0;32mOK<1b>[0m
     Running test_utilities.R.............. 5 tests <1b>[0;32mOK<1b>[0m Error in dyn.unload(new_path) :
     shared object '/private/tmp/Rtmpy0ss1z/testname.so' was not loaded
    
     Running test_utilities.R.............. 6 tests <1b>[0;31m1 fails<1b>[0m Error in dyn.unload(new_path) :
     shared object '/private/tmp/Rtmpy0ss1z/testname.so' was not loaded
    
     Running test_utilities.R.............. 7 tests <1b>[0;31m2 fails<1b>[0m
     Running test_utilities.R.............. 7 tests <1b>[0;31m2 fails<1b>[0m
     Running test_utilities.R.............. 8 tests <1b>[0;31m2 fails<1b>[0m Error in dyn.unload(new_path) :
     shared object '/private/tmp/Rtmpy0ss1z/testname.so' was not loaded
     Error in .local(x, ...) :
     Could not unload /private/tmp/Rtmpy0ss1z/testname.so
     Calls: <Anonymous> ... FUN -> eval -> eval -> moveDLL -> moveDLL -> .local
     Execution halted
Flavor: r-oldrel-macos-x86_64