CRAN Package Check Results for Package inline

Last updated on 2024-07-23 05:57:34 CEST.

Flavor Version Tinstall Tcheck Ttotal Status Flags
r-devel-linux-x86_64-debian-clang 0.3.19 3.57 63.88 67.45 OK
r-devel-linux-x86_64-debian-gcc 0.3.19 1.92 41.99 43.91 OK
r-devel-linux-x86_64-fedora-clang 0.3.19 93.01 OK
r-devel-linux-x86_64-fedora-gcc 0.3.19 77.27 OK
r-devel-windows-x86_64 0.3.19 6.00 110.00 116.00 OK
r-patched-linux-x86_64 0.3.19 3.01 61.09 64.10 OK
r-release-linux-x86_64 0.3.19 2.66 55.11 57.77 OK
r-release-macos-arm64 0.3.19 34.00 OK
r-release-macos-x86_64 0.3.19 56.00 ERROR
r-release-windows-x86_64 0.3.19 4.00 105.00 109.00 OK
r-oldrel-macos-arm64 0.3.19 37.00 OK
r-oldrel-macos-x86_64 0.3.19 65.00 OK
r-oldrel-windows-x86_64 0.3.19 4.00 116.00 120.00 OK

Check Details

Version: 0.3.19
Check: tests
Result: ERROR Running ‘tinytest.R’ [16s/21s] Running the tests in ‘tests/tinytest.R’ failed. Last 13 lines of output: test_utilities.R.............. 10 tests <1b>[0;31m1 fails<1b>[0m test_utilities.R.............. 10 tests <1b>[0;31m1 fails<1b>[0m test_utilities.R.............. 11 tests <1b>[0;31m1 fails<1b>[0m test_utilities.R.............. 11 tests <1b>[0;31m1 fails<1b>[0m test_utilities.R.............. 11 tests <1b>[0;31m1 fails<1b>[0m test_utilities.R.............. 11 tests <1b>[0;31m1 fails<1b>[0m test_utilities.R.............. 11 tests <1b>[0;31m1 fails<1b>[0m test_utilities.R.............. 12 tests <1b>[0;31m1 fails<1b>[0m test_utilities.R.............. 13 tests <1b>[0;31m1 fails<1b>[0m <1b>[0;34m4.7s<1b>[0m ----- FAILED[xcpt]: test_utilities.R<39--42> call| expect_error(moveDLL(quadfn, name = "testname", directory = tempdir(), call| --> unload = TRUE, overwrite = TRUE), "file can not be copied both 'from' and 'to'") diff| No error Error: 1 out of 30 tests failed Execution halted Flavor: r-release-macos-x86_64