CRAN Package Check Results for Package infinitefactor

Last updated on 2020-11-27 05:48:59 CET.

Flavor Version Tinstall Tcheck Ttotal Status Flags
r-devel-linux-x86_64-debian-clang 1.0 60.38 69.03 129.41 OK
r-devel-linux-x86_64-debian-gcc 1.0 77.67 52.47 130.14 OK
r-devel-linux-x86_64-fedora-clang 1.0 185.32 NOTE
r-devel-linux-x86_64-fedora-gcc 1.0 163.57 OK
r-devel-windows-ix86+x86_64 1.0 145.00 136.00 281.00 OK
r-patched-linux-x86_64 1.0 94.03 64.82 158.85 OK
r-patched-solaris-x86 1.0 168.40 OK
r-release-linux-x86_64 1.0 96.86 66.54 163.40 OK
r-release-macos-x86_64 1.0 NOTE
r-release-windows-ix86+x86_64 1.0 152.00 131.00 283.00 OK
r-oldrel-macos-x86_64 1.0 NOTE
r-oldrel-windows-ix86+x86_64 1.0 114.00 143.00 257.00 OK

Check Details

Version: 1.0
Check: installed package size
Result: NOTE
     installed size is 5.1Mb
     sub-directories of 1Mb or more:
     libs 4.9Mb
Flavors: r-devel-linux-x86_64-fedora-clang, r-release-macos-x86_64, r-oldrel-macos-x86_64