CRAN Package Check Results for Package importinegi

Last updated on 2020-11-25 05:49:05 CET.

Flavor Version Tinstall Tcheck Ttotal Status Flags
r-devel-linux-x86_64-debian-clang 1.1.2 3.86 30.63 34.49 OK
r-devel-linux-x86_64-debian-gcc 1.1.2 3.35 25.55 28.90 OK
r-devel-linux-x86_64-fedora-clang 1.1.2 46.78 NOTE
r-devel-linux-x86_64-fedora-gcc 1.1.2 38.48 NOTE
r-devel-windows-ix86+x86_64 1.1.2 7.00 51.00 58.00 OK
r-patched-linux-x86_64 1.1.2 3.56 30.31 33.87 OK
r-patched-solaris-x86 1.1.2 55.30 NOTE
r-release-linux-x86_64 1.1.2 4.72 30.06 34.78 OK
r-release-macos-x86_64 1.1.2 NOTE
r-release-windows-ix86+x86_64 1.1.2 8.00 46.00 54.00 OK
r-oldrel-macos-x86_64 1.1.2 NOTE
r-oldrel-windows-ix86+x86_64 1.1.2 4.00 37.00 41.00 OK

Check Details

Version: 1.1.2
Check: dependencies in R code
Result: NOTE
    Namespaces in Imports field not imported from:
     ‘data.table’ ‘dplyr’ ‘haven’
     All declared Imports should be used.
Flavors: r-devel-linux-x86_64-fedora-clang, r-devel-linux-x86_64-fedora-gcc, r-patched-solaris-x86, r-release-macos-x86_64, r-oldrel-macos-x86_64