CRAN Package Check Results for Package ijtiff

Last updated on 2021-04-20 05:47:36 CEST.

Flavor Version Tinstall Tcheck Ttotal Status Flags
r-devel-linux-x86_64-debian-clang 2.2.5 6.71 54.59 61.30 NOTE
r-devel-linux-x86_64-debian-gcc 2.2.5 4.78 42.65 47.43 NOTE
r-devel-linux-x86_64-fedora-clang 2.2.5 86.63 NOTE
r-devel-linux-x86_64-fedora-gcc 2.2.5 73.91 NOTE
r-devel-windows-ix86+x86_64 2.2.5 19.00 79.00 98.00 NOTE
r-devel-windows-x86_64-gcc10-UCRT 2.2.5 NOTE
r-patched-linux-x86_64 2.2.5 5.79 53.18 58.97 OK
r-patched-solaris-x86 2.2.5 107.90 OK
r-release-linux-x86_64 2.2.5 5.86 53.28 59.14 OK
r-release-macos-x86_64 2.2.5 OK
r-release-windows-ix86+x86_64 2.2.5 23.00 105.00 128.00 OK
r-oldrel-macos-x86_64 2.2.5 OK
r-oldrel-windows-ix86+x86_64 2.2.5 15.00 97.00 112.00 OK

Check Details

Version: 2.2.5
Check: LazyData
Result: NOTE
     'LazyData' is specified without a 'data' directory
Flavors: r-devel-linux-x86_64-debian-clang, r-devel-linux-x86_64-debian-gcc, r-devel-linux-x86_64-fedora-clang, r-devel-linux-x86_64-fedora-gcc, r-devel-windows-ix86+x86_64, r-devel-windows-x86_64-gcc10-UCRT