CRAN Package Check Results for Package hierarchicalDS

Last updated on 2020-11-27 05:48:58 CET.

Flavor Version Tinstall Tcheck Ttotal Status Flags
r-devel-linux-x86_64-debian-clang 3.0 16.19 108.66 124.85 OK
r-devel-linux-x86_64-debian-gcc 3.0 15.12 80.35 95.47 OK
r-devel-linux-x86_64-fedora-clang 3.0 159.66 NOTE
r-devel-linux-x86_64-fedora-gcc 3.0 142.56 NOTE
r-devel-windows-ix86+x86_64 3.0 34.00 108.00 142.00 OK
r-patched-linux-x86_64 3.0 17.42 100.01 117.43 OK
r-patched-solaris-x86 3.0 196.60 NOTE
r-release-linux-x86_64 3.0 16.45 98.54 114.99 OK
r-release-macos-x86_64 3.0 NOTE
r-release-windows-ix86+x86_64 3.0 38.00 118.00 156.00 OK
r-oldrel-macos-x86_64 3.0 NOTE
r-oldrel-windows-ix86+x86_64 3.0 27.00 107.00 134.00 OK

Check Details

Version: 3.0
Check: dependencies in R code
Result: NOTE
    Namespace in Imports field not imported from: ‘MCMCpack’
     All declared Imports should be used.
Flavors: r-devel-linux-x86_64-fedora-clang, r-devel-linux-x86_64-fedora-gcc, r-patched-solaris-x86, r-release-macos-x86_64, r-oldrel-macos-x86_64