Last updated on 2021-01-24 05:48:11 CET.
Flavor | Version | Tinstall | Tcheck | Ttotal | Status | Flags |
---|---|---|---|---|---|---|
r-devel-linux-x86_64-debian-clang | 2.3.1 | 56.86 | 51.32 | 108.18 | NOTE | |
r-devel-linux-x86_64-debian-gcc | 2.3.1 | 38.34 | 39.03 | 77.37 | NOTE | |
r-devel-linux-x86_64-fedora-clang | 2.3.1 | 149.73 | NOTE | |||
r-devel-linux-x86_64-fedora-gcc | 2.3.1 | 130.81 | NOTE | |||
r-devel-windows-ix86+x86_64 | 2.3.1 | 151.00 | 109.00 | 260.00 | NOTE | |
r-patched-linux-x86_64 | 2.3.1 | 45.15 | 49.04 | 94.19 | NOTE | |
r-patched-solaris-x86 | 2.3.1 | 147.60 | NOTE | |||
r-release-linux-x86_64 | 2.3.1 | 46.03 | 48.89 | 94.92 | NOTE | |
r-release-macos-x86_64 | 2.3.1 | NOTE | ||||
r-release-windows-ix86+x86_64 | 2.3.1 | 148.00 | 110.00 | 258.00 | NOTE | |
r-oldrel-macos-x86_64 | 2.3.1 | NOTE | ||||
r-oldrel-windows-ix86+x86_64 | 2.3.1 | 125.00 | 98.00 | 223.00 | NOTE |
Version: 2.3.1
Check: for GNU extensions in Makefiles
Result: NOTE
GNU make is a SystemRequirements.
Flavors: r-devel-linux-x86_64-debian-clang, r-devel-linux-x86_64-debian-gcc, r-devel-linux-x86_64-fedora-clang, r-devel-linux-x86_64-fedora-gcc, r-devel-windows-ix86+x86_64, r-patched-linux-x86_64, r-patched-solaris-x86, r-release-linux-x86_64, r-release-macos-x86_64, r-release-windows-ix86+x86_64, r-oldrel-macos-x86_64, r-oldrel-windows-ix86+x86_64
Version: 2.3.1
Check: Rd cross-references
Result: NOTE
Undeclared package ‘dplyr’ in Rd xrefs
Flavor: r-devel-linux-x86_64-fedora-clang