CRAN Package Check Results for Package hadron

Last updated on 2021-04-20 05:47:35 CEST.

Flavor Version Tinstall Tcheck Ttotal Status Flags
r-devel-linux-x86_64-debian-clang 3.1.2 43.19 192.20 235.39 NOTE
r-devel-linux-x86_64-debian-gcc 3.1.2 32.16 138.84 171.00 OK
r-devel-linux-x86_64-fedora-clang 3.1.2 307.19 OK
r-devel-linux-x86_64-fedora-gcc 3.1.2 306.25 OK
r-devel-windows-ix86+x86_64 3.1.2 70.00 216.00 286.00 NOTE
r-devel-windows-x86_64-gcc10-UCRT 3.1.2 NOTE
r-patched-linux-x86_64 3.1.2 44.48 176.07 220.55 OK
r-patched-solaris-x86 3.1.2 308.20 NOTE
r-release-linux-x86_64 3.1.2 40.99 178.20 219.19 OK
r-release-macos-x86_64 3.1.2 NOTE
r-release-windows-ix86+x86_64 3.1.2 91.00 281.00 372.00 NOTE
r-oldrel-macos-x86_64 3.1.2 WARN
r-oldrel-windows-ix86+x86_64 3.1.2 62.00 272.00 334.00 WARN

Check Details

Version: 3.1.2
Check: package dependencies
Result: NOTE
    Package suggested but not available for checking: 'tictoc'
Flavor: r-devel-linux-x86_64-debian-clang

Version: 3.1.2
Check: installed package size
Result: NOTE
     installed size is 5.9Mb
     sub-directories of 1Mb or more:
     data 1.3Mb
     libs 2.4Mb
Flavors: r-devel-windows-ix86+x86_64, r-release-macos-x86_64, r-release-windows-ix86+x86_64, r-oldrel-macos-x86_64, r-oldrel-windows-ix86+x86_64

Version: 3.1.2
Check: package dependencies
Result: NOTE
    Packages suggested but not available for checking: 'rhdf5', 'tictoc'
Flavor: r-devel-windows-x86_64-gcc10-UCRT

Version: 3.1.2
Check: package dependencies
Result: NOTE
    Package suggested but not available for checking: ‘staplr’
Flavor: r-patched-solaris-x86

Version: 3.1.2
Check: dependencies in R code
Result: NOTE
    No protocol specified
    No protocol specified
Flavor: r-oldrel-macos-x86_64

Version: 3.1.2
Check: Rd cross-references
Result: WARN
    Missing link or links in documentation object 'plotwitherror.Rd':
     ‘[base]{plot}’
    
    See section 'Cross-references' in the 'Writing R Extensions' manual.
Flavors: r-oldrel-macos-x86_64, r-oldrel-windows-ix86+x86_64