CRAN Package Check Results for Package gmodels

Last updated on 2020-11-26 05:48:59 CET.

Flavor Version Tinstall Tcheck Ttotal Status Flags
r-devel-linux-x86_64-debian-clang 2.18.1 4.09 31.11 35.20 OK
r-devel-linux-x86_64-debian-gcc 2.18.1 3.32 27.29 30.61 OK
r-devel-linux-x86_64-fedora-clang 2.18.1 50.21 NOTE
r-devel-linux-x86_64-fedora-gcc 2.18.1 39.83 OK
r-devel-windows-ix86+x86_64 2.18.1 6.00 52.00 58.00 OK
r-patched-linux-x86_64 2.18.1 3.86 31.73 35.59 OK
r-patched-solaris-x86 2.18.1 57.60 OK
r-release-linux-x86_64 2.18.1 3.62 31.34 34.96 OK
r-release-macos-x86_64 2.18.1 OK
r-release-windows-ix86+x86_64 2.18.1 7.00 43.00 50.00 OK
r-oldrel-macos-x86_64 2.18.1 OK
r-oldrel-windows-ix86+x86_64 2.18.1 5.00 43.00 48.00 OK

Check Details

Version: 2.18.1
Check: Rd cross-references
Result: NOTE
    Undeclared package ‘rms’ in Rd xrefs
Flavor: r-devel-linux-x86_64-fedora-clang