CRAN Package Check Results for Package ggrisk

Last updated on 2021-01-28 05:49:44 CET.

Flavor Version Tinstall Tcheck Ttotal Status Flags
r-devel-linux-x86_64-debian-clang 1.2 11.42 111.80 123.22 OK
r-devel-linux-x86_64-debian-gcc 1.2 11.45 83.86 95.31 OK
r-devel-linux-x86_64-fedora-clang 1.2 157.69 NOTE
r-devel-linux-x86_64-fedora-gcc 1.2 155.96 NOTE
r-devel-windows-ix86+x86_64 1.2 34.00 118.00 152.00 OK
r-patched-linux-x86_64 1.2 8.22 102.14 110.36 OK
r-patched-solaris-x86 1.2 216.90 NOTE
r-release-linux-x86_64 1.2 8.89 101.84 110.73 OK
r-release-macos-x86_64 1.2 NOTE
r-release-windows-ix86+x86_64 1.2 32.00 98.00 130.00 OK
r-oldrel-macos-x86_64 1.2 NOTE
r-oldrel-windows-ix86+x86_64 1.2 26.00 125.00 151.00 OK

Check Details

Version: 1.2
Check: dependencies in R code
Result: NOTE
    Namespaces in Imports field not imported from:
     ‘nomogramFormula’ ‘survival’
     All declared Imports should be used.
Flavors: r-devel-linux-x86_64-fedora-clang, r-devel-linux-x86_64-fedora-gcc, r-patched-solaris-x86, r-release-macos-x86_64, r-oldrel-macos-x86_64