CRAN Package Check Results for Package ggnormalviolin

Last updated on 2020-11-28 05:51:07 CET.

Flavor Version Tinstall Tcheck Ttotal Status Flags
r-devel-linux-x86_64-debian-clang 0.1.2 5.35 31.86 37.21 OK
r-devel-linux-x86_64-debian-gcc 0.1.2 4.09 24.88 28.97 OK
r-devel-linux-x86_64-fedora-clang 0.1.2 47.78 NOTE
r-devel-linux-x86_64-fedora-gcc 0.1.2 37.53 NOTE
r-devel-windows-ix86+x86_64 0.1.2 10.00 39.00 49.00 OK
r-patched-linux-x86_64 0.1.2 4.63 28.66 33.29 OK
r-patched-solaris-x86 0.1.2 56.00 NOTE
r-release-linux-x86_64 0.1.2 5.21 28.07 33.28 OK
r-release-macos-x86_64 0.1.2 NOTE
r-release-windows-ix86+x86_64 0.1.2 8.00 36.00 44.00 OK
r-oldrel-macos-x86_64 0.1.2 NOTE
r-oldrel-windows-ix86+x86_64 0.1.2 6.00 42.00 48.00 OK

Check Details

Version: 0.1.2
Check: dependencies in R code
Result: NOTE
    Namespaces in Imports field not imported from:
     ‘dplyr’ ‘grid’ ‘scales’
     All declared Imports should be used.
Flavors: r-devel-linux-x86_64-fedora-clang, r-devel-linux-x86_64-fedora-gcc, r-patched-solaris-x86, r-release-macos-x86_64, r-oldrel-macos-x86_64