CRAN Package Check Results for Package gghalves

Last updated on 2020-11-25 05:49:04 CET.

Flavor Version Tinstall Tcheck Ttotal Status Flags
r-devel-linux-x86_64-debian-clang 0.1.1 5.77 51.04 56.81 OK
r-devel-linux-x86_64-debian-gcc 0.1.1 6.18 40.60 46.78 OK
r-devel-linux-x86_64-fedora-clang 0.1.1 73.66 NOTE
r-devel-linux-x86_64-fedora-gcc 0.1.1 65.87 NOTE
r-devel-windows-ix86+x86_64 0.1.1 13.00 70.00 83.00 OK
r-patched-linux-x86_64 0.1.1 6.64 49.91 56.55 OK
r-patched-solaris-x86 0.1.1 83.00 NOTE
r-release-linux-x86_64 0.1.1 6.46 47.91 54.37 OK
r-release-macos-x86_64 0.1.1 NOTE
r-release-windows-ix86+x86_64 0.1.1 17.00 55.00 72.00 OK
r-oldrel-macos-x86_64 0.1.1 NOTE
r-oldrel-windows-ix86+x86_64 0.1.1 9.00 62.00 71.00 OK

Check Details

Version: 0.1.1
Check: dependencies in R code
Result: NOTE
    Namespaces in Imports field not imported from:
     ‘grDevices’ ‘gtable’
     All declared Imports should be used.
Flavors: r-devel-linux-x86_64-fedora-clang, r-devel-linux-x86_64-fedora-gcc, r-patched-solaris-x86, r-release-macos-x86_64, r-oldrel-macos-x86_64