CRAN Package Check Results for Package geojsonio

Last updated on 2020-12-03 06:50:45 CET.

Flavor Version Tinstall Tcheck Ttotal Status Flags
r-devel-linux-x86_64-debian-clang 0.9.2 10.73 107.54 118.27 OK
r-devel-linux-x86_64-debian-gcc 0.9.2 8.71 81.99 90.70 OK
r-devel-linux-x86_64-fedora-clang 0.9.2 148.06 NOTE
r-devel-linux-x86_64-fedora-gcc 0.9.2 138.23 OK
r-devel-windows-ix86+x86_64 0.9.2 34.00 160.00 194.00 OK
r-patched-linux-x86_64 0.9.2 8.90 100.35 109.25 OK
r-patched-solaris-x86 0.9.2 208.80 NOTE
r-release-linux-x86_64 0.9.2 8.91 100.14 109.05 OK
r-release-macos-x86_64 0.9.2 OK
r-release-windows-ix86+x86_64 0.9.2 27.00 124.00 151.00 OK
r-oldrel-macos-x86_64 0.9.2 OK
r-oldrel-windows-ix86+x86_64 0.9.2 25.00 153.00 178.00 OK

Check Details

Version: 0.9.2
Check: Rd cross-references
Result: NOTE
    Undeclared package ‘rgdal’ in Rd xrefs
Flavor: r-devel-linux-x86_64-fedora-clang

Version: 0.9.2
Check: package dependencies
Result: NOTE
    Package suggested but not available for checking: ‘RPostgres’
Flavor: r-patched-solaris-x86