CRAN Package Check Results for Package gbp

Last updated on 2020-11-25 05:49:03 CET.

Flavor Version Tinstall Tcheck Ttotal Status Flags
r-devel-linux-x86_64-debian-clang 0.1.0.4 289.09 67.18 356.27 NOTE
r-devel-linux-x86_64-debian-gcc 0.1.0.4 363.53 52.16 415.69 NOTE
r-devel-linux-x86_64-fedora-clang 0.1.0.4 506.27 NOTE
r-devel-linux-x86_64-fedora-gcc 0.1.0.4 464.78 NOTE
r-devel-windows-ix86+x86_64 0.1.0.4 658.00 133.00 791.00 NOTE
r-patched-linux-x86_64 0.1.0.4 438.09 63.59 501.68 NOTE
r-patched-solaris-x86 0.1.0.4 414.00 NOTE
r-release-linux-x86_64 0.1.0.4 436.36 61.65 498.01 NOTE
r-release-macos-x86_64 0.1.0.4 NOTE
r-release-windows-ix86+x86_64 0.1.0.4 678.00 136.00 814.00 NOTE
r-oldrel-macos-x86_64 0.1.0.4 NOTE
r-oldrel-windows-ix86+x86_64 0.1.0.4 463.00 103.00 566.00 NOTE

Check Details

Version: 0.1.0.4
Check: for GNU extensions in Makefiles
Result: NOTE
    GNU make is a SystemRequirements.
Flavors: r-devel-linux-x86_64-debian-clang, r-devel-linux-x86_64-debian-gcc, r-devel-linux-x86_64-fedora-clang, r-devel-linux-x86_64-fedora-gcc, r-devel-windows-ix86+x86_64, r-patched-linux-x86_64, r-patched-solaris-x86, r-release-linux-x86_64, r-release-macos-x86_64, r-release-windows-ix86+x86_64, r-oldrel-macos-x86_64, r-oldrel-windows-ix86+x86_64

Version: 0.1.0.4
Check: installed package size
Result: NOTE
     installed size is 19.1Mb
     sub-directories of 1Mb or more:
     doc 1.2Mb
     libs 17.8Mb
Flavors: r-devel-linux-x86_64-fedora-clang, r-devel-windows-ix86+x86_64, r-release-macos-x86_64, r-release-windows-ix86+x86_64, r-oldrel-macos-x86_64, r-oldrel-windows-ix86+x86_64

Version: 0.1.0.4
Check: compiled code
Result: NOTE
    File ‘gbp/libs/gbp.so’:
     Found no calls to: ‘R_registerRoutines’, ‘R_useDynamicSymbols’
    
    It is good practice to register native routines and to disable symbol
    search.
    
    See ‘Writing portable packages’ in the ‘Writing R Extensions’ manual.
Flavors: r-devel-linux-x86_64-fedora-clang, r-devel-linux-x86_64-fedora-gcc