CRAN Package Check Results for Package gausscov

Last updated on 2020-11-26 05:48:59 CET.

Flavor Version Tinstall Tcheck Ttotal Status Flags
r-devel-linux-x86_64-debian-clang 0.0.10 8.02 31.94 39.96 OK
r-devel-linux-x86_64-debian-gcc 0.0.10 5.67 25.13 30.80 OK
r-devel-linux-x86_64-fedora-clang 0.0.10 54.26 NOTE
r-devel-linux-x86_64-fedora-gcc 0.0.10 44.42 NOTE
r-devel-windows-ix86+x86_64 0.0.10 14.00 58.00 72.00 OK
r-patched-linux-x86_64 0.0.10 7.93 31.18 39.11 OK
r-patched-solaris-x86 0.0.10 58.50 OK
r-release-linux-x86_64 0.0.10 7.75 32.15 39.90 OK
r-release-macos-x86_64 0.0.10 OK
r-release-windows-ix86+x86_64 0.0.10 13.00 59.00 72.00 OK
r-oldrel-macos-x86_64 0.0.10 OK
r-oldrel-windows-ix86+x86_64 0.0.10 12.00 57.00 69.00 OK

Check Details

Version: 0.0.10
Check: compiled code
Result: NOTE
    File ‘gausscov/libs/gausscov.so’:
     Found no calls to: ‘R_registerRoutines’, ‘R_useDynamicSymbols’
    
    It is good practice to register native routines and to disable symbol
    search.
    
    See ‘Writing portable packages’ in the ‘Writing R Extensions’ manual.
Flavors: r-devel-linux-x86_64-fedora-clang, r-devel-linux-x86_64-fedora-gcc