CRAN Package Check Results for Package gam

Last updated on 2021-04-20 05:47:33 CEST.

Flavor Version Tinstall Tcheck Ttotal Status Flags
r-devel-linux-x86_64-debian-clang 1.20 12.54 39.87 52.41 OK
r-devel-linux-x86_64-debian-gcc 1.20 9.76 30.81 40.57 OK
r-devel-linux-x86_64-fedora-clang 1.20 74.08 OK
r-devel-linux-x86_64-fedora-gcc 1.20 63.66 OK
r-devel-windows-ix86+x86_64 1.20 37.00 54.00 91.00 OK
r-devel-windows-x86_64-gcc10-UCRT 1.20 OK
r-patched-linux-x86_64 1.20 12.94 37.50 50.44 OK
r-patched-solaris-x86 1.20 85.10 OK
r-release-linux-x86_64 1.20 12.16 37.94 50.10 OK
r-release-macos-x86_64 1.20 OK
r-release-windows-ix86+x86_64 1.20 37.00 64.00 101.00 OK
r-oldrel-macos-x86_64 1.20 ERROR
r-oldrel-windows-ix86+x86_64 1.20 28.00 64.00 92.00 ERROR

Check Details

Version: 1.20
Check: tests
Result: ERROR
     Running ‘testthat.R’ [1s/1s]
    Running the tests in ‘tests/testthat.R’ failed.
    Last 13 lines of output:
     objects[[x]] not equal to expected[[x]].
     Component "family": Component "initialize": Modes of target, current: expression, call
     Component "family": Component "initialize": target, current do not match when deparsed
     ── Failure (test_example.R:34:5): (code run outside of `test_that()`) ──────────
     objects[[x]] not equal to expected[[x]].
     Component "family": Component "initialize": Modes of target, current: expression, call
     Component "family": Component "initialize": target, current do not match when deparsed
     ── Failure (test_example.R:34:5): (code run outside of `test_that()`) ──────────
     objects[[x]] not equal to expected[[x]].
     Component "anova": Component "From": 'current' is not a factor
     Component "anova": Component "To": 'current' is not a factor
    
     [ FAIL 3 | WARN 1 | SKIP 0 | PASS 7 ]
     Error: Test failures
     Execution halted
Flavor: r-oldrel-macos-x86_64

Version: 1.20
Check: running tests for arch ‘i386’
Result: ERROR
     Running 'testthat.R' [1s]
    Running the tests in 'tests/testthat.R' failed.
    Complete output:
     > library(testthat)
     > library(gam)
     Loading required package: splines
     Loading required package: foreach
     Loaded gam 1.20
    
     >
     > test_check("gam")
     Start: y ~ s(x, 6) + z; AIC= 43.7495
     Step:1 y ~ s(x, 6) ; AIC= 42.6681
     Testing fit1
     Testing fit2
     Testing fit3
     Testing fit4
     Testing fit5
     Testing fit6
     Testing sum1
     Testing an1
     Testing an2
     Testing step1
     == Failed tests ================================================================
     -- Failure (test_example.R:34:5): (code run outside of `test_that()`) ----------
     objects[[x]] not equal to expected[[x]].
     Component "family": Component "initialize": Modes of target, current: expression, call
     Component "family": Component "initialize": target, current do not match when deparsed
     -- Failure (test_example.R:34:5): (code run outside of `test_that()`) ----------
     objects[[x]] not equal to expected[[x]].
     Component "family": Component "initialize": Modes of target, current: expression, call
     Component "family": Component "initialize": target, current do not match when deparsed
     -- Failure (test_example.R:34:5): (code run outside of `test_that()`) ----------
     objects[[x]] not equal to expected[[x]].
     Component "anova": Component "From": 'current' is not a factor
     Component "anova": Component "To": 'current' is not a factor
    
     [ FAIL 3 | WARN 1 | SKIP 0 | PASS 7 ]
     Error: Test failures
     Execution halted
Flavor: r-oldrel-windows-ix86+x86_64

Version: 1.20
Check: running tests for arch ‘x64’
Result: ERROR
     Running 'testthat.R' [2s]
    Running the tests in 'tests/testthat.R' failed.
    Complete output:
     > library(testthat)
     > library(gam)
     Loading required package: splines
     Loading required package: foreach
     Loaded gam 1.20
    
     >
     > test_check("gam")
     Start: y ~ s(x, 6) + z; AIC= 43.7495
     Step:1 y ~ s(x, 6) ; AIC= 42.6681
     Testing fit1
     Testing fit2
     Testing fit3
     Testing fit4
     Testing fit5
     Testing fit6
     Testing sum1
     Testing an1
     Testing an2
     Testing step1
     == Failed tests ================================================================
     -- Failure (test_example.R:34:5): (code run outside of `test_that()`) ----------
     objects[[x]] not equal to expected[[x]].
     Component "family": Component "initialize": Modes of target, current: expression, call
     Component "family": Component "initialize": target, current do not match when deparsed
     -- Failure (test_example.R:34:5): (code run outside of `test_that()`) ----------
     objects[[x]] not equal to expected[[x]].
     Component "family": Component "initialize": Modes of target, current: expression, call
     Component "family": Component "initialize": target, current do not match when deparsed
     -- Failure (test_example.R:34:5): (code run outside of `test_that()`) ----------
     objects[[x]] not equal to expected[[x]].
     Component "anova": Component "From": 'current' is not a factor
     Component "anova": Component "To": 'current' is not a factor
    
     [ FAIL 3 | WARN 1 | SKIP 0 | PASS 7 ]
     Error: Test failures
     Execution halted
Flavor: r-oldrel-windows-ix86+x86_64