CRAN Package Check Results for Package gadget2

Last updated on 2020-11-26 05:48:59 CET.

Flavor Version Tinstall Tcheck Ttotal Status Flags
r-devel-linux-x86_64-debian-clang 2.3.7 288.44 20.36 308.80 OK
r-devel-linux-x86_64-debian-gcc 2.3.7 254.78 17.36 272.14 OK
r-devel-linux-x86_64-fedora-clang 2.3.7 581.21 NOTE
r-devel-linux-x86_64-fedora-gcc 2.3.7 284.73 OK
r-devel-windows-ix86+x86_64 2.3.7 565.00 39.00 604.00 NOTE
r-patched-linux-x86_64 2.3.7 378.62 21.66 400.28 OK
r-patched-solaris-x86 2.3.7 406.00 OK
r-release-linux-x86_64 2.3.7 390.39 21.67 412.06 OK
r-release-macos-x86_64 2.3.7 OK
r-release-windows-ix86+x86_64 2.3.7 541.00 36.00 577.00 NOTE
r-oldrel-macos-x86_64 2.3.7 OK
r-oldrel-windows-ix86+x86_64 2.3.7 432.00 33.00 465.00 NOTE

Check Details

Version: 2.3.7
Check: installed package size
Result: NOTE
     installed size is 10.3Mb
     sub-directories of 1Mb or more:
     bin 10.2Mb
Flavors: r-devel-linux-x86_64-fedora-clang, r-devel-windows-ix86+x86_64, r-release-windows-ix86+x86_64, r-oldrel-windows-ix86+x86_64