CRAN Package Check Results for Package future.batchtools

Last updated on 2021-04-15 05:47:55 CEST.

Flavor Version Tinstall Tcheck Ttotal Status Flags
r-devel-linux-x86_64-debian-clang 0.10.0 4.41 263.02 267.43 OK
r-devel-linux-x86_64-debian-gcc 0.10.0 3.89 195.42 199.31 OK
r-devel-linux-x86_64-fedora-clang 0.10.0 315.06 NOTE
r-devel-linux-x86_64-fedora-gcc 0.10.0 328.40 OK
r-devel-windows-ix86+x86_64 0.10.0 11.00 328.00 339.00 OK
r-devel-windows-x86_64-gcc10-UCRT 0.10.0 OK
r-patched-linux-x86_64 0.10.0 5.20 249.15 254.35 OK
r-patched-solaris-x86 0.10.0 468.30 OK
r-release-linux-x86_64 0.10.0 4.24 252.39 256.63 OK
r-release-macos-x86_64 0.10.0 OK
r-release-windows-ix86+x86_64 0.10.0 19.00 364.00 383.00 OK
r-oldrel-macos-x86_64 0.10.0 OK
r-oldrel-windows-ix86+x86_64 0.10.0 9.00 232.00 241.00 OK

Check Details

Version: 0.10.0
Check: Rd cross-references
Result: NOTE
    Undeclared package ‘globals’ in Rd xrefs
Flavor: r-devel-linux-x86_64-fedora-clang