Last updated on 2021-02-25 05:48:22 CET.
Flavor | Version | Tinstall | Tcheck | Ttotal | Status | Flags |
---|---|---|---|---|---|---|
r-devel-linux-x86_64-debian-clang | 0.1.7 | 10.25 | 133.26 | 143.51 | OK | |
r-devel-linux-x86_64-debian-gcc | 0.1.7 | 8.82 | 99.27 | 108.09 | OK | |
r-devel-linux-x86_64-fedora-clang | 0.1.7 | 189.83 | NOTE | |||
r-devel-linux-x86_64-fedora-gcc | 0.1.7 | 176.90 | NOTE | |||
r-devel-windows-ix86+x86_64 | 0.1.7 | 17.00 | 123.00 | 140.00 | OK | |
r-patched-linux-x86_64 | 0.1.7 | 9.30 | 129.30 | 138.60 | OK | |
r-patched-solaris-x86 | 0.1.7 | 219.00 | NOTE | |||
r-release-linux-x86_64 | 0.1.7 | 10.59 | 128.46 | 139.05 | OK | |
r-release-macos-x86_64 | 0.1.7 | NOTE | ||||
r-release-windows-ix86+x86_64 | 0.1.7 | 15.00 | 133.00 | 148.00 | OK | |
r-oldrel-macos-x86_64 | 0.1.7 | NOTE | ||||
r-oldrel-windows-ix86+x86_64 | 0.1.7 | 14.00 | 122.00 | 136.00 | OK |
Version: 0.1.7
Check: dependencies in R code
Result: NOTE
Namespace in Imports field not imported from: ‘scales’
All declared Imports should be used.
Flavors: r-devel-linux-x86_64-fedora-clang, r-devel-linux-x86_64-fedora-gcc, r-patched-solaris-x86, r-release-macos-x86_64, r-oldrel-macos-x86_64