Last updated on 2021-02-27 05:48:26 CET.
Flavor | Version | Tinstall | Tcheck | Ttotal | Status | Flags |
---|---|---|---|---|---|---|
r-devel-linux-x86_64-debian-clang | 0.9.5 | 15.37 | 148.68 | 164.05 | OK | |
r-devel-linux-x86_64-debian-gcc | 0.9.5 | 13.08 | 112.78 | 125.86 | OK | |
r-devel-linux-x86_64-fedora-clang | 0.9.5 | 213.92 | NOTE | |||
r-devel-linux-x86_64-fedora-gcc | 0.9.5 | 196.56 | NOTE | |||
r-devel-windows-ix86+x86_64 | 0.9.5 | 22.00 | 165.00 | 187.00 | OK | |
r-patched-linux-x86_64 | 0.9.5 | 14.59 | 139.04 | 153.63 | OK | |
r-patched-solaris-x86 | 0.9.5 | 274.80 | NOTE | |||
r-release-linux-x86_64 | 0.9.5 | 14.53 | 140.64 | 155.17 | OK | |
r-release-macos-x86_64 | 0.9.5 | NOTE | ||||
r-release-windows-ix86+x86_64 | 0.9.5 | 36.00 | 228.00 | 264.00 | OK | |
r-oldrel-macos-x86_64 | 0.9.5 | NOTE | ||||
r-oldrel-windows-ix86+x86_64 | 0.9.5 | 21.00 | 203.00 | 224.00 | OK |
Version: 0.9.5
Check: package dependencies
Result: NOTE
Imports includes 26 non-default packages.
Importing from so many packages makes the package vulnerable to any of
them becoming unavailable. Move as many as possible to Suggests and
use conditionally.
Flavor: r-devel-linux-x86_64-fedora-clang
Version: 0.9.5
Check: data for non-ASCII characters
Result: NOTE
Note: found 3 marked Latin-1 strings
Note: found 3 marked UTF-8 strings
Flavors: r-devel-linux-x86_64-fedora-clang, r-devel-linux-x86_64-fedora-gcc, r-patched-solaris-x86, r-release-macos-x86_64, r-oldrel-macos-x86_64