CRAN Package Check Results for Package exsic

Last updated on 2020-11-26 05:48:57 CET.

Flavor Version Tinstall Tcheck Ttotal Status Flags
r-devel-linux-x86_64-debian-clang 1.1.1 3.91 30.10 34.01 NOTE
r-devel-linux-x86_64-debian-gcc 1.1.1 3.17 23.30 26.47 NOTE
r-devel-linux-x86_64-fedora-clang 1.1.1 46.56 NOTE
r-devel-linux-x86_64-fedora-gcc 1.1.1 37.02 NOTE
r-devel-windows-ix86+x86_64 1.1.1 6.00 48.00 54.00 NOTE
r-patched-linux-x86_64 1.1.1 4.07 29.33 33.40 NOTE
r-patched-solaris-x86 1.1.1 55.10 NOTE
r-release-linux-x86_64 1.1.1 3.76 28.84 32.60 NOTE
r-release-macos-x86_64 1.1.1 NOTE
r-release-windows-ix86+x86_64 1.1.1 6.00 38.00 44.00 NOTE
r-oldrel-macos-x86_64 1.1.1 NOTE
r-oldrel-windows-ix86+x86_64 1.1.1 4.00 37.00 41.00 NOTE

Check Details

Version: 1.1.1
Check: R code for possible problems
Result: NOTE
    index.citations: no visible global function definition for
     'txtProgressBar'
    read.exsic: no visible global function definition for 'read.csv'
    update.pb: no visible global function definition for
     'setTxtProgressBar'
    Undefined global functions or variables:
     read.csv setTxtProgressBar txtProgressBar
    Consider adding
     importFrom("utils", "read.csv", "setTxtProgressBar", "txtProgressBar")
    to your NAMESPACE file.
Flavors: r-devel-linux-x86_64-debian-clang, r-devel-linux-x86_64-debian-gcc, r-devel-linux-x86_64-fedora-clang, r-devel-linux-x86_64-fedora-gcc, r-devel-windows-ix86+x86_64, r-patched-linux-x86_64, r-patched-solaris-x86, r-release-linux-x86_64, r-release-macos-x86_64, r-release-windows-ix86+x86_64, r-oldrel-macos-x86_64, r-oldrel-windows-ix86+x86_64