CRAN Package Check Results for Package esc

Last updated on 2020-11-27 05:48:55 CET.

Flavor Version Tinstall Tcheck Ttotal Status Flags
r-devel-linux-x86_64-debian-clang 0.5.1 4.20 30.42 34.62 OK
r-devel-linux-x86_64-debian-gcc 0.5.1 2.68 23.85 26.53 OK
r-devel-linux-x86_64-fedora-clang 0.5.1 45.90 NOTE
r-devel-linux-x86_64-fedora-gcc 0.5.1 35.98 OK
r-devel-windows-ix86+x86_64 0.5.1 6.00 47.00 53.00 OK
r-patched-linux-x86_64 0.5.1 4.17 27.74 31.91 OK
r-patched-solaris-x86 0.5.1 51.10 OK
r-release-linux-x86_64 0.5.1 4.28 27.88 32.16 OK
r-release-macos-x86_64 0.5.1 OK
r-release-windows-ix86+x86_64 0.5.1 6.00 33.00 39.00 OK
r-oldrel-macos-x86_64 0.5.1 OK
r-oldrel-windows-ix86+x86_64 0.5.1 8.00 50.00 58.00 OK

Check Details

Version: 0.5.1
Check: Rd cross-references
Result: NOTE
    Undeclared package ‘metafor’ in Rd xrefs
Flavor: r-devel-linux-x86_64-fedora-clang