Last updated on 2021-04-20 05:47:31 CEST.
Flavor | Version | Tinstall | Tcheck | Ttotal | Status | Flags |
---|---|---|---|---|---|---|
r-devel-linux-x86_64-debian-clang | 0.6-5 | 7.53 | 53.94 | 61.47 | OK | |
r-devel-linux-x86_64-debian-gcc | 0.6-5 | 5.45 | 40.05 | 45.50 | OK | |
r-devel-linux-x86_64-fedora-clang | 0.6-5 | 80.80 | OK | |||
r-devel-linux-x86_64-fedora-gcc | 0.6-5 | 70.12 | OK | |||
r-devel-windows-ix86+x86_64 | 0.6-5 | 11.00 | 56.00 | 67.00 | OK | |
r-devel-windows-x86_64-gcc10-UCRT | 0.6-5 | OK | ||||
r-patched-linux-x86_64 | 0.6-5 | 7.22 | 49.44 | 56.66 | WARN | |
r-patched-solaris-x86 | 0.6-5 | 108.50 | OK | |||
r-release-linux-x86_64 | 0.6-5 | 6.67 | 49.49 | 56.16 | OK | |
r-release-macos-x86_64 | 0.6-5 | OK | ||||
r-release-windows-ix86+x86_64 | 0.6-5 | 15.00 | 73.00 | 88.00 | OK | |
r-oldrel-macos-x86_64 | 0.6-5 | OK | ||||
r-oldrel-windows-ix86+x86_64 | 0.6-5 | 8.00 | 69.00 | 77.00 | OK |
Version: 0.6-5
Check: whether package can be installed
Result: WARN
Found the following significant warnings:
Rd warning: /tmp/RtmpaDJ4JI/R.INSTALL7e70e4fdf97/epimdr/man/flowField.Rd:74: file link ‘plot’ in package ‘graphics’ does not exist and so has been treated as a topic
Rd warning: /tmp/RtmpaDJ4JI/R.INSTALL7e70e4fdf97/epimdr/man/flowField.Rd:122: file link ‘plot’ in package ‘graphics’ does not exist and so has been treated as a topic
Flavor: r-patched-linux-x86_64