Last updated on 2021-01-19 05:48:00 CET.
Flavor | Version | Tinstall | Tcheck | Ttotal | Status | Flags |
---|---|---|---|---|---|---|
r-devel-linux-x86_64-debian-clang | 0.1.2 | 2.57 | 33.50 | 36.07 | NOTE | |
r-devel-linux-x86_64-debian-gcc | 0.1.2 | 2.12 | 26.67 | 28.79 | NOTE | |
r-devel-linux-x86_64-fedora-clang | 0.1.2 | 54.70 | NOTE | |||
r-devel-linux-x86_64-fedora-gcc | 0.1.2 | 43.55 | NOTE | |||
r-devel-windows-ix86+x86_64 | 0.1.2 | 5.00 | 43.00 | 48.00 | NOTE | |
r-patched-linux-x86_64 | 0.1.2 | 2.44 | 32.58 | 35.02 | NOTE | |
r-patched-solaris-x86 | 0.1.2 | 62.90 | NOTE | |||
r-release-linux-x86_64 | 0.1.2 | 2.26 | 32.68 | 34.94 | NOTE | |
r-release-macos-x86_64 | 0.1.2 | NOTE | ||||
r-release-windows-ix86+x86_64 | 0.1.2 | 5.00 | 38.00 | 43.00 | NOTE | |
r-oldrel-macos-x86_64 | 0.1.2 | NOTE | ||||
r-oldrel-windows-ix86+x86_64 | 0.1.2 | 4.00 | 37.00 | 41.00 | NOTE |
Version: 0.1.2
Check: package dependencies
Result: NOTE
Package suggested but not available for checking: 'epidict'
Flavors: r-devel-linux-x86_64-debian-clang, r-devel-linux-x86_64-debian-gcc, r-devel-linux-x86_64-fedora-clang, r-devel-linux-x86_64-fedora-gcc, r-devel-windows-ix86+x86_64, r-patched-linux-x86_64, r-patched-solaris-x86, r-release-linux-x86_64, r-release-macos-x86_64, r-release-windows-ix86+x86_64, r-oldrel-macos-x86_64, r-oldrel-windows-ix86+x86_64