CRAN Package Check Results for Package emstreeR

Last updated on 2020-12-02 05:48:04 CET.

Flavor Version Tinstall Tcheck Ttotal Status Flags
r-devel-linux-x86_64-debian-clang 2.2.0 58.52 36.66 95.18 OK
r-devel-linux-x86_64-debian-gcc 2.2.2 30.87 27.69 58.56 OK
r-devel-linux-x86_64-fedora-clang 2.2.2 122.24 NOTE
r-devel-linux-x86_64-fedora-gcc 2.2.2 96.93 OK
r-devel-windows-ix86+x86_64 2.2.2 109.00 78.00 187.00 OK
r-patched-linux-x86_64 2.2.2 35.78 32.02 67.80 OK
r-patched-solaris-x86 2.2.2 99.10 OK
r-release-linux-x86_64 2.2.0 36.56 34.63 71.19 OK
r-release-macos-x86_64 2.2.0 WARN
r-release-windows-ix86+x86_64 2.2.2 85.00 56.00 141.00 OK
r-oldrel-macos-x86_64 2.2.2 WARN
r-oldrel-windows-ix86+x86_64 2.2.0 92.00 70.00 162.00 OK

Check Details

Version: 2.2.2
Check: installed package size
Result: NOTE
     installed size is 5.5Mb
     sub-directories of 1Mb or more:
     lib 4.0Mb
     libs 1.4Mb
Flavor: r-devel-linux-x86_64-fedora-clang

Version: 2.2.0
Check: whether package can be installed
Result: WARN
    Found the following significant warnings:
     WARNING: shared objects/dynamic libraries with hard-coded temporary installation paths
Flavor: r-release-macos-x86_64

Version: 2.2.2
Check: whether package can be installed
Result: WARN
    Found the following significant warnings:
     WARNING: shared objects/dynamic libraries with hard-coded temporary installation paths
Flavor: r-oldrel-macos-x86_64