CRAN Package Check Results for Package eirm

Last updated on 2025-01-17 05:49:11 CET.

Flavor Version Tinstall Tcheck Ttotal Status Flags
r-devel-linux-x86_64-debian-clang 0.5 11.65 108.12 119.77 OK
r-devel-linux-x86_64-debian-gcc 0.5 7.92 78.04 85.96 OK
r-devel-linux-x86_64-fedora-clang 0.5 197.66 OK
r-devel-linux-x86_64-fedora-gcc 0.5 198.46 OK
r-devel-windows-x86_64 0.5 14.00 120.00 134.00 OK
r-patched-linux-x86_64 0.5 9.68 101.69 111.37 OK
r-release-linux-x86_64 0.5 10.47 101.11 111.58 OK
r-release-macos-arm64 0.5 60.00 OK
r-release-macos-x86_64 0.5 85.00 OK
r-release-windows-x86_64 0.5 14.00 122.00 136.00 OK
r-oldrel-macos-arm64 0.5 68.00 OK
r-oldrel-macos-x86_64 0.5 102.00 NOTE
r-oldrel-windows-x86_64 0.5 16.00 139.00 155.00 OK

Check Details

Version: 0.5
Check: Rd cross-references
Result: NOTE Package unavailable to check Rd xrefs: ‘eRm’ Flavor: r-oldrel-macos-x86_64