CRAN Package Check Results for Package ebreg

Last updated on 2020-11-27 05:48:55 CET.

Flavor Version Tinstall Tcheck Ttotal Status Flags
r-devel-linux-x86_64-debian-clang 0.1.2 2.87 60.25 63.12 OK
r-devel-linux-x86_64-debian-gcc 0.1.2 2.56 47.14 49.70 OK
r-devel-linux-x86_64-fedora-clang 0.1.2 76.07 NOTE
r-devel-linux-x86_64-fedora-gcc 0.1.2 68.23 NOTE
r-devel-windows-ix86+x86_64 0.1.2 8.00 74.00 82.00 OK
r-patched-linux-x86_64 0.1.2 3.06 55.81 58.87 OK
r-patched-solaris-x86 0.1.2 134.70 NOTE
r-release-linux-x86_64 0.1.2 2.80 55.97 58.77 OK
r-release-macos-x86_64 0.1.2 NOTE
r-release-windows-ix86+x86_64 0.1.2 6.00 83.00 89.00 OK
r-oldrel-macos-x86_64 0.1.2 NOTE
r-oldrel-windows-ix86+x86_64 0.1.2 4.00 83.00 87.00 OK

Check Details

Version: 0.1.2
Check: dependencies in R code
Result: NOTE
    Namespace in Imports field not imported from: ‘Rdpack’
     All declared Imports should be used.
Flavors: r-devel-linux-x86_64-fedora-clang, r-devel-linux-x86_64-fedora-gcc, r-patched-solaris-x86, r-release-macos-x86_64, r-oldrel-macos-x86_64