CRAN Package Check Results for Package dtwclust

Last updated on 2021-02-27 05:48:25 CET.

Flavor Version Tinstall Tcheck Ttotal Status Flags
r-devel-linux-x86_64-debian-clang 5.5.6 176.13 397.16 573.29 NOTE
r-devel-linux-x86_64-debian-gcc 5.5.6 119.68 297.77 417.45 NOTE
r-devel-linux-x86_64-fedora-clang 5.5.6 767.55 NOTE
r-devel-linux-x86_64-fedora-gcc 5.5.6 717.82 NOTE
r-devel-windows-ix86+x86_64 5.5.6 308.00 438.00 746.00 NOTE
r-patched-linux-x86_64 5.5.6 140.28 384.96 525.24 NOTE
r-patched-solaris-x86 5.5.6 1020.50 NOTE
r-release-linux-x86_64 5.5.6 143.20 382.73 525.93 NOTE
r-release-macos-x86_64 5.5.6 NOTE
r-release-windows-ix86+x86_64 5.5.6 418.00 554.00 972.00 NOTE
r-oldrel-macos-x86_64 5.5.6 NOTE
r-oldrel-windows-ix86+x86_64 5.5.6 290.00 429.00 719.00 NOTE

Check Details

Version: 5.5.6
Check: for GNU extensions in Makefiles
Result: NOTE
    GNU make is a SystemRequirements.
Flavors: r-devel-linux-x86_64-debian-clang, r-devel-linux-x86_64-debian-gcc, r-devel-linux-x86_64-fedora-clang, r-devel-linux-x86_64-fedora-gcc, r-devel-windows-ix86+x86_64, r-patched-linux-x86_64, r-patched-solaris-x86, r-release-linux-x86_64, r-release-macos-x86_64, r-release-windows-ix86+x86_64, r-oldrel-macos-x86_64, r-oldrel-windows-ix86+x86_64

Version: 5.5.6
Check: installed package size
Result: NOTE
     installed size is 10.3Mb
     sub-directories of 1Mb or more:
     doc 2.6Mb
     libs 6.5Mb
Flavors: r-devel-linux-x86_64-fedora-clang, r-devel-windows-ix86+x86_64, r-release-macos-x86_64, r-release-windows-ix86+x86_64, r-oldrel-macos-x86_64, r-oldrel-windows-ix86+x86_64