CRAN Package Check Results for Package designr

Last updated on 2020-12-02 05:48:03 CET.

Flavor Version Tinstall Tcheck Ttotal Status Flags
r-devel-linux-x86_64-debian-clang 0.1.10 7.42 37.64 45.06 OK
r-devel-linux-x86_64-debian-gcc 0.1.10 4.45 29.54 33.99 OK
r-devel-linux-x86_64-fedora-clang 0.1.10 57.36 NOTE
r-devel-linux-x86_64-fedora-gcc 0.1.10 48.78 NOTE
r-devel-windows-ix86+x86_64 0.1.10 12.00 54.00 66.00 OK
r-patched-linux-x86_64 0.1.10 5.42 35.60 41.02 OK
r-patched-solaris-x86 0.1.10 67.00 NOTE
r-release-linux-x86_64 0.1.10 5.31 37.37 42.68 OK
r-release-macos-x86_64 0.1.10 NOTE
r-release-windows-ix86+x86_64 0.1.10 13.00 45.00 58.00 OK
r-oldrel-macos-x86_64 0.1.10 NOTE
r-oldrel-windows-ix86+x86_64 0.1.10 7.00 52.00 59.00 OK

Check Details

Version: 0.1.10
Check: dependencies in R code
Result: NOTE
    Namespace in Imports field not imported from: ‘MASS’
     All declared Imports should be used.
Flavors: r-devel-linux-x86_64-fedora-clang, r-devel-linux-x86_64-fedora-gcc, r-patched-solaris-x86, r-release-macos-x86_64, r-oldrel-macos-x86_64