CRAN Package Check Results for Package desc

Last updated on 2021-04-20 05:47:30 CEST.

Flavor Version Tinstall Tcheck Ttotal Status Flags
r-devel-linux-x86_64-debian-clang 1.3.0 4.92 43.77 48.69 NOTE
r-devel-linux-x86_64-debian-gcc 1.3.0 4.71 33.96 38.67 NOTE
r-devel-linux-x86_64-fedora-clang 1.3.0 71.90 NOTE
r-devel-linux-x86_64-fedora-gcc 1.3.0 70.00 NOTE
r-devel-windows-ix86+x86_64 1.3.0 10.00 47.00 57.00 NOTE
r-devel-windows-x86_64-gcc10-UCRT 1.3.0 NOTE
r-patched-linux-x86_64 1.3.0 5.60 41.47 47.07 WARN
r-patched-solaris-x86 1.3.0 78.10 OK
r-release-linux-x86_64 1.3.0 4.98 41.51 46.49 OK
r-release-macos-x86_64 1.3.0 OK
r-release-windows-ix86+x86_64 1.3.0 10.00 61.00 71.00 OK
r-oldrel-macos-x86_64 1.3.0 OK
r-oldrel-windows-ix86+x86_64 1.3.0 6.00 59.00 65.00 OK

Check Details

Version: 1.3.0
Check: LazyData
Result: NOTE
     'LazyData' is specified without a 'data' directory
Flavors: r-devel-linux-x86_64-debian-clang, r-devel-linux-x86_64-debian-gcc, r-devel-linux-x86_64-fedora-clang, r-devel-linux-x86_64-fedora-gcc, r-devel-windows-ix86+x86_64, r-devel-windows-x86_64-gcc10-UCRT

Version: 1.3.0
Check: whether package can be installed
Result: WARN
    Found the following significant warnings:
     Rd warning: /tmp/RtmpmYs2Ft/R.INSTALL43544fe7cb54/desc/man/desc_get_version.Rd:15: file link ‘package_version’ in package ‘base’ does not exist and so has been treated as a topic
     Rd warning: /tmp/RtmpmYs2Ft/R.INSTALL43544fe7cb54/desc/man/desc_set_version.Rd:10: file link ‘package_version’ in package ‘base’ does not exist and so has been treated as a topic
     Rd warning: /tmp/RtmpmYs2Ft/R.INSTALL43544fe7cb54/desc/man/description.Rd:162: file link ‘package_version’ in package ‘base’ does not exist and so has been treated as a topic
     Rd warning: /tmp/RtmpmYs2Ft/R.INSTALL43544fe7cb54/desc/man/description.Rd:172: file link ‘package_version’ in package ‘base’ does not exist and so has been treated as a topic
     Rd warning: /tmp/RtmpmYs2Ft/R.INSTALL43544fe7cb54/desc/man/description.Rd:176: file link ‘package_version’ in package ‘base’ does not exist and so has been treated as a topic
Flavor: r-patched-linux-x86_64