CRAN Package Check Results for Package dendextend

Last updated on 2020-12-05 05:48:11 CET.

Flavor Version Tinstall Tcheck Ttotal Status Flags
r-devel-linux-x86_64-debian-clang 1.14.0 14.50 232.89 247.39 OK
r-devel-linux-x86_64-debian-gcc 1.14.0 11.71 224.96 236.67 OK
r-devel-linux-x86_64-fedora-clang 1.14.0 363.39 NOTE
r-devel-linux-x86_64-fedora-gcc 1.14.0 403.25 OK
r-devel-windows-ix86+x86_64 1.14.0 23.00 296.00 319.00 NOTE
r-patched-linux-x86_64 1.14.0 12.35 274.28 286.63 OK
r-patched-solaris-x86 1.14.0 437.60 NOTE
r-release-linux-x86_64 1.14.0 13.32 274.95 288.27 OK
r-release-macos-x86_64 1.14.0 NOTE
r-release-windows-ix86+x86_64 1.14.0 18.00 231.00 249.00 NOTE
r-oldrel-macos-x86_64 1.14.0 NOTE
r-oldrel-windows-ix86+x86_64 1.14.0 21.00 298.00 319.00 NOTE

Check Details

Version: 1.14.0
Check: installed package size
Result: NOTE
     installed size is 5.4Mb
     sub-directories of 1Mb or more:
     doc 4.2Mb
Flavors: r-devel-linux-x86_64-fedora-clang, r-devel-windows-ix86+x86_64, r-patched-solaris-x86, r-release-macos-x86_64, r-release-windows-ix86+x86_64, r-oldrel-macos-x86_64, r-oldrel-windows-ix86+x86_64

Version: 1.14.0
Check: Rd cross-references
Result: NOTE
    Undeclared packages ‘WGCNA’, ‘moduleColor’, ‘distory’, ‘phangorn’, ‘zoo’ in Rd xrefs
Flavor: r-devel-linux-x86_64-fedora-clang

Version: 1.14.0
Check: Rd cross-references
Result: NOTE
    Package unavailable to check Rd xrefs: ‘WGCNA’
Flavor: r-oldrel-macos-x86_64