CRAN Package Check Results for Package deconstructSigs

Last updated on 2020-11-28 05:51:04 CET.

Flavor Version Tinstall Tcheck Ttotal Status Flags
r-devel-linux-x86_64-debian-clang 1.8.0 3.56 47.02 50.58 OK
r-devel-linux-x86_64-debian-gcc 1.8.0 3.64 35.58 39.22 OK
r-devel-linux-x86_64-fedora-clang 1.8.0 69.04 OK
r-devel-linux-x86_64-fedora-gcc 1.8.0 56.11 OK
r-devel-windows-ix86+x86_64 1.8.0 6.00 63.00 69.00 OK
r-patched-linux-x86_64 1.8.0 4.18 45.78 49.96 OK
r-patched-solaris-x86 1.8.0 85.90 OK
r-release-linux-x86_64 1.8.0 3.92 44.74 48.66 OK
r-release-macos-x86_64 1.8.0 OK
r-release-windows-ix86+x86_64 1.8.0 7.00 49.00 56.00 OK
r-oldrel-macos-x86_64 1.8.0 ERROR
r-oldrel-windows-ix86+x86_64 1.8.0 5.00 57.00 62.00 OK

Check Details

Version: 1.8.0
Check: package dependencies
Result: ERROR
    Package required but not available: ‘BSgenome.Hsapiens.UCSC.hg19’
    
    See section ‘The DESCRIPTION file’ in the ‘Writing R Extensions’
    manual.
Flavor: r-oldrel-macos-x86_64