CRAN Package Check Results for Package cvms

Last updated on 2020-12-02 05:48:02 CET.

Flavor Version Tinstall Tcheck Ttotal Status Flags
r-devel-linux-x86_64-debian-clang 1.2.0 21.63 412.04 433.67 OK
r-devel-linux-x86_64-debian-gcc 1.2.0 16.66 310.89 327.55 OK
r-devel-linux-x86_64-fedora-clang 1.2.0 505.70 OK
r-devel-linux-x86_64-fedora-gcc 1.2.0 502.37 OK
r-devel-windows-ix86+x86_64 1.2.0 32.00 491.00 523.00 OK
r-patched-linux-x86_64 1.2.0 13.30 422.78 436.08 OK
r-patched-solaris-x86 1.2.0 617.40 NOTE
r-release-linux-x86_64 1.2.0 17.53 419.97 437.50 OK
r-release-macos-x86_64 1.2.0 OK
r-release-windows-ix86+x86_64 1.2.0 24.00 371.00 395.00 OK
r-oldrel-macos-x86_64 1.2.0 OK
r-oldrel-windows-ix86+x86_64 1.2.0 28.00 510.00 538.00 OK

Check Details

Version: 1.2.0
Check: package dependencies
Result: NOTE
    Package suggested but not available for checking: ‘rsvg’
Flavor: r-patched-solaris-x86