CRAN Package Check Results for Package crrSC

Last updated on 2020-11-26 05:48:55 CET.

Flavor Version Tinstall Tcheck Ttotal Status Flags
r-devel-linux-x86_64-debian-clang 1.1 11.44 63.07 74.51 NOTE
r-devel-linux-x86_64-debian-gcc 1.1 11.30 51.43 62.73 NOTE
r-devel-linux-x86_64-fedora-clang 1.1 99.48 NOTE
r-devel-linux-x86_64-fedora-gcc 1.1 88.16 NOTE
r-devel-windows-ix86+x86_64 1.1 25.00 107.00 132.00 NOTE
r-patched-linux-x86_64 1.1 11.21 59.56 70.77 NOTE
r-patched-solaris-x86 1.1 134.90 NOTE
r-release-linux-x86_64 1.1 13.37 61.18 74.55 NOTE
r-release-macos-x86_64 1.1 NOTE
r-release-windows-ix86+x86_64 1.1 27.00 106.00 133.00 NOTE
r-oldrel-macos-x86_64 1.1 NOTE
r-oldrel-windows-ix86+x86_64 1.1 18.00 104.00 122.00 NOTE

Check Details

Version: 1.1
Check: R code for possible problems
Result: NOTE
    crrc: no visible binding for global variable 'na.omit'
    crrs: no visible binding for global variable 'na.omit'
    mycrr: no visible binding for global variable 'na.omit'
    mycrr.test: no visible binding for global variable 'na.omit'
    print.crrs: no visible global function definition for 'pnorm'
    psh.test: no visible global function definition for 'pchisq'
    Undefined global functions or variables:
     na.omit pchisq pnorm
    Consider adding
     importFrom("stats", "na.omit", "pchisq", "pnorm")
    to your NAMESPACE file.
Flavors: r-devel-linux-x86_64-debian-clang, r-devel-linux-x86_64-debian-gcc, r-devel-linux-x86_64-fedora-clang, r-devel-linux-x86_64-fedora-gcc, r-devel-windows-ix86+x86_64, r-patched-linux-x86_64, r-patched-solaris-x86, r-release-linux-x86_64, r-release-macos-x86_64, r-release-windows-ix86+x86_64, r-oldrel-macos-x86_64, r-oldrel-windows-ix86+x86_64

Version: 1.1
Check: compiled code
Result: NOTE
    File ‘crrSC/libs/crrSC.so’:
     Found no calls to: ‘R_registerRoutines’, ‘R_useDynamicSymbols’
    
    It is good practice to register native routines and to disable symbol
    search.
    
    See ‘Writing portable packages’ in the ‘Writing R Extensions’ manual.
Flavors: r-devel-linux-x86_64-fedora-clang, r-devel-linux-x86_64-fedora-gcc