CRAN Package Check Results for Package coxrt

Last updated on 2024-06-22 06:50:42 CEST.

Flavor Version Tinstall Tcheck Ttotal Status Flags
r-devel-linux-x86_64-debian-clang 1.0.3 45.58 184.02 229.60 NOTE
r-devel-linux-x86_64-debian-gcc 1.0.3 32.05 134.88 166.93 NOTE
r-devel-linux-x86_64-fedora-clang 1.0.3 292.76 NOTE
r-devel-linux-x86_64-fedora-gcc 1.0.3 317.05 NOTE
r-devel-windows-x86_64 1.0.3 38.00 165.00 203.00 NOTE
r-patched-linux-x86_64 1.0.3 38.27 176.45 214.72 NOTE
r-release-linux-x86_64 1.0.3 41.90 174.89 216.79 NOTE
r-release-macos-arm64 1.0.3 85.00 NOTE
r-release-macos-x86_64 1.0.3 138.00 NOTE
r-release-windows-x86_64 1.0.3 38.00 165.00 203.00 NOTE
r-oldrel-macos-arm64 1.0.3 93.00 NOTE
r-oldrel-macos-x86_64 1.0.3 167.00 NOTE
r-oldrel-windows-x86_64 1.0.3 47.00 192.00 239.00 NOTE

Check Details

Version: 1.0.3
Check: C++ specification
Result: NOTE Specified C++11: please drop specification unless essential Flavors: r-devel-linux-x86_64-debian-clang, r-devel-linux-x86_64-debian-gcc, r-devel-linux-x86_64-fedora-clang, r-devel-linux-x86_64-fedora-gcc, r-devel-windows-x86_64, r-patched-linux-x86_64, r-release-linux-x86_64, r-release-macos-arm64, r-release-macos-x86_64, r-release-windows-x86_64, r-oldrel-macos-arm64, r-oldrel-macos-x86_64, r-oldrel-windows-x86_64

Version: 1.0.3
Check: Rd files
Result: NOTE checkRd: (-1) coxph.RT.Rd:57: Lost braces in \itemize; \value handles \item{}{} directly checkRd: (-1) coxph.RT.Rd:58: Lost braces in \itemize; \value handles \item{}{} directly checkRd: (-1) coxph.RT.Rd:59-71: Lost braces in \itemize; \value handles \item{}{} directly Flavors: r-devel-linux-x86_64-debian-clang, r-devel-linux-x86_64-debian-gcc, r-devel-linux-x86_64-fedora-clang, r-devel-linux-x86_64-fedora-gcc, r-devel-windows-x86_64, r-patched-linux-x86_64, r-release-linux-x86_64, r-release-macos-arm64, r-release-macos-x86_64, r-release-windows-x86_64

Version: 1.0.3
Check: LazyData
Result: NOTE 'LazyData' is specified without a 'data' directory Flavors: r-devel-linux-x86_64-debian-clang, r-devel-linux-x86_64-debian-gcc, r-devel-linux-x86_64-fedora-clang, r-devel-linux-x86_64-fedora-gcc, r-devel-windows-x86_64, r-patched-linux-x86_64, r-release-linux-x86_64, r-release-macos-arm64, r-release-macos-x86_64, r-release-windows-x86_64, r-oldrel-macos-arm64, r-oldrel-macos-x86_64, r-oldrel-windows-x86_64