CRAN Package Check Results for Package covid19nytimes

Last updated on 2020-11-29 05:47:17 CET.

Flavor Version Tinstall Tcheck Ttotal Status Flags
r-devel-linux-x86_64-debian-clang 0.1.3 5.92 54.05 59.97 OK
r-devel-linux-x86_64-debian-gcc 0.1.3 3.87 44.80 48.67 OK
r-devel-linux-x86_64-fedora-clang 0.1.3 72.93 NOTE
r-devel-linux-x86_64-fedora-gcc 0.1.3 65.20 NOTE
r-devel-windows-ix86+x86_64 0.1.3 8.00 76.00 84.00 OK
r-patched-linux-x86_64 0.1.3 4.37 53.02 57.39 OK
r-patched-solaris-x86 0.1.3 107.00 NOTE
r-release-linux-x86_64 0.1.3 4.38 53.49 57.87 OK
r-release-macos-x86_64 0.1.3 NOTE
r-release-windows-ix86+x86_64 0.1.3 7.00 60.00 67.00 OK
r-oldrel-macos-x86_64 0.1.3 NOTE
r-oldrel-windows-ix86+x86_64 0.1.3 7.00 76.00 83.00 OK

Check Details

Version: 0.1.3
Check: data for non-ASCII characters
Result: NOTE
     Note: found 48 marked UTF-8 strings
Flavors: r-devel-linux-x86_64-fedora-clang, r-devel-linux-x86_64-fedora-gcc, r-patched-solaris-x86, r-release-macos-x86_64, r-oldrel-macos-x86_64