CRAN Package Check Results for Package corr2D

Last updated on 2021-02-27 05:48:23 CET.

Flavor Version Tinstall Tcheck Ttotal Status Flags
r-devel-linux-x86_64-debian-clang 1.0.2 2.94 42.41 45.35 OK
r-devel-linux-x86_64-debian-gcc 1.0.2 2.70 32.73 35.43 OK
r-devel-linux-x86_64-fedora-clang 1.0.2 65.97 NOTE
r-devel-linux-x86_64-fedora-gcc 1.0.2 54.70 NOTE
r-devel-windows-ix86+x86_64 1.0.2 6.00 54.00 60.00 OK
r-patched-linux-x86_64 1.0.2 3.08 40.55 43.63 OK
r-patched-solaris-x86 1.0.2 94.80 NOTE
r-release-linux-x86_64 1.0.2 2.75 40.88 43.63 OK
r-release-macos-x86_64 1.0.2 NOTE
r-release-windows-ix86+x86_64 1.0.2 7.00 64.00 71.00 OK
r-oldrel-macos-x86_64 1.0.2 NOTE
r-oldrel-windows-ix86+x86_64 1.0.2 4.00 66.00 70.00 OK

Check Details

Version: 1.0.2
Check: dependencies in R code
Result: NOTE
    Namespaces in Imports field not imported from:
     ‘profr’ ‘xtable’
     All declared Imports should be used.
Flavors: r-devel-linux-x86_64-fedora-clang, r-devel-linux-x86_64-fedora-gcc, r-patched-solaris-x86, r-release-macos-x86_64, r-oldrel-macos-x86_64