CRAN Package Check Results for Package corTools

Last updated on 2020-11-23 05:47:31 CET.

Flavor Version Tinstall Tcheck Ttotal Status Flags
r-devel-linux-x86_64-debian-clang 1.0 2.09 21.36 23.45 NOTE
r-devel-linux-x86_64-debian-gcc 1.0 1.56 16.48 18.04 NOTE
r-devel-linux-x86_64-fedora-clang 1.0 34.43 NOTE
r-devel-linux-x86_64-fedora-gcc 1.0 24.48 NOTE
r-devel-windows-ix86+x86_64 1.0 4.00 31.00 35.00 NOTE
r-patched-linux-x86_64 1.0 2.14 21.29 23.43 NOTE
r-patched-solaris-x86 1.0 37.90 NOTE
r-release-linux-x86_64 1.0 2.20 21.00 23.20 NOTE
r-release-macos-x86_64 1.0 NOTE
r-release-windows-ix86+x86_64 1.0 3.00 27.00 30.00 NOTE
r-oldrel-macos-x86_64 1.0 NOTE
r-oldrel-windows-ix86+x86_64 1.0 4.00 37.00 41.00 NOTE

Check Details

Version: 1.0
Check: R code for possible problems
Result: NOTE
    dist: no visible global function definition for 'quantile'
    edgecount: no visible global function definition for 'reshape'
    edgecutoff: no visible global function definition for 'boxplot'
    edgecutoff: no visible global function definition for 'sd'
    edgecutoff: no visible global function definition for 'median'
    edgecutoff: no visible global function definition for 'IQR'
    Undefined global functions or variables:
     IQR boxplot median quantile reshape sd
    Consider adding
     importFrom("graphics", "boxplot")
     importFrom("stats", "IQR", "median", "quantile", "reshape", "sd")
    to your NAMESPACE file.
Flavors: r-devel-linux-x86_64-debian-clang, r-devel-linux-x86_64-debian-gcc, r-devel-linux-x86_64-fedora-clang, r-devel-linux-x86_64-fedora-gcc, r-devel-windows-ix86+x86_64, r-patched-linux-x86_64, r-patched-solaris-x86, r-release-linux-x86_64, r-release-macos-x86_64, r-release-windows-ix86+x86_64, r-oldrel-macos-x86_64, r-oldrel-windows-ix86+x86_64