CRAN Package Check Results for Package colourpicker

Last updated on 2021-04-11 05:47:51 CEST.

Flavor Version Tinstall Tcheck Ttotal Status Flags
r-devel-linux-x86_64-debian-clang 1.1.0 4.97 39.78 44.75 NOTE
r-devel-linux-x86_64-debian-gcc 1.1.0 3.81 31.16 34.97 NOTE
r-devel-linux-x86_64-fedora-clang 1.1.0 63.18 NOTE
r-devel-linux-x86_64-fedora-gcc 1.1.0 49.79 NOTE
r-devel-windows-ix86+x86_64 1.1.0 9.00 47.00 56.00 NOTE
r-devel-windows-x86_64-gcc10-UCRT 1.1.0 NOTE
r-patched-linux-x86_64 1.1.0 4.42 37.84 42.26 OK
r-patched-solaris-x86 1.1.0 83.00 OK
r-release-linux-x86_64 1.1.0 4.34 37.93 42.27 OK
r-release-macos-x86_64 1.1.0 OK
r-release-windows-ix86+x86_64 1.1.0 18.00 61.00 79.00 OK
r-oldrel-macos-x86_64 1.1.0 OK
r-oldrel-windows-ix86+x86_64 1.1.0 9.00 60.00 69.00 OK

Check Details

Version: 1.1.0
Check: LazyData
Result: NOTE
     'LazyData' is specified without a 'data' directory
Flavors: r-devel-linux-x86_64-debian-clang, r-devel-linux-x86_64-debian-gcc, r-devel-linux-x86_64-fedora-clang, r-devel-linux-x86_64-fedora-gcc, r-devel-windows-ix86+x86_64, r-devel-windows-x86_64-gcc10-UCRT