Last updated on 2021-03-05 05:48:58 CET.
Flavor | Version | Tinstall | Tcheck | Ttotal | Status | Flags |
---|---|---|---|---|---|---|
r-devel-linux-x86_64-debian-clang | 1.2-1 | 4.27 | 301.31 | 305.58 | OK | |
r-devel-linux-x86_64-debian-gcc | 1.2-1 | 3.54 | 230.49 | 234.03 | OK | |
r-devel-linux-x86_64-fedora-clang | 1.2-1 | 354.03 | NOTE | |||
r-devel-linux-x86_64-fedora-gcc | 1.2-1 | 340.63 | OK | |||
r-devel-windows-ix86+x86_64 | 1.2-1 | 9.00 | 262.00 | 271.00 | NOTE | |
r-patched-linux-x86_64 | 1.2-1 | OK | ||||
r-patched-solaris-x86 | 1.2-1 | 330.10 | NOTE | |||
r-release-linux-x86_64 | 1.2-1 | 4.47 | 287.11 | 291.58 | OK | |
r-release-macos-x86_64 | 1.2-1 | NOTE | ||||
r-release-windows-ix86+x86_64 | 1.2-1 | 7.00 | 220.00 | 227.00 | NOTE | |
r-oldrel-macos-x86_64 | 1.2-1 | NOTE | ||||
r-oldrel-windows-ix86+x86_64 | 1.2-1 | 22.00 | 267.00 | 289.00 | NOTE |
Version: 1.2-1
Check: installed package size
Result: NOTE
installed size is 5.5Mb
sub-directories of 1Mb or more:
doc 2.6Mb
extdata 2.1Mb
Flavors: r-devel-linux-x86_64-fedora-clang, r-devel-windows-ix86+x86_64, r-patched-solaris-x86, r-release-macos-x86_64, r-release-windows-ix86+x86_64, r-oldrel-macos-x86_64, r-oldrel-windows-ix86+x86_64
Version: 1.2-1
Check: Rd cross-references
Result: NOTE
Undeclared package ‘plyr’ in Rd xrefs
Flavor: r-devel-linux-x86_64-fedora-clang