CRAN Package Check Results for Package cocorresp

Last updated on 2020-11-25 05:48:59 CET.

Flavor Version Tinstall Tcheck Ttotal Status Flags
r-devel-linux-x86_64-debian-clang 0.4-1 10.13 96.08 106.21 OK
r-devel-linux-x86_64-debian-gcc 0.4-1 9.45 74.51 83.96 OK
r-devel-linux-x86_64-fedora-clang 0.4-1 132.99 NOTE
r-devel-linux-x86_64-fedora-gcc 0.4-1 122.56 OK
r-devel-windows-ix86+x86_64 0.4-1 20.00 126.00 146.00 OK
r-patched-linux-x86_64 0.4-1 9.80 88.33 98.13 OK
r-patched-solaris-x86 0.4-1 172.90 OK
r-release-linux-x86_64 0.4-1 11.65 90.21 101.86 OK
r-release-macos-x86_64 0.4-1 OK
r-release-windows-ix86+x86_64 0.4-1 26.00 124.00 150.00 OK
r-oldrel-macos-x86_64 0.4-1 OK
r-oldrel-windows-ix86+x86_64 0.4-1 15.00 99.00 114.00 OK

Check Details

Version: 0.4-1
Check: Rd cross-references
Result: NOTE
    Undeclared package ‘pls’ in Rd xrefs
Flavor: r-devel-linux-x86_64-fedora-clang