CRAN Package Check Results for Package clusterGeneration

Last updated on 2020-11-28 05:51:03 CET.

Flavor Version Tinstall Tcheck Ttotal Status Flags
r-devel-linux-x86_64-debian-clang 1.3.6 7.06 36.50 43.56 OK
r-devel-linux-x86_64-debian-gcc 1.3.6 4.12 28.49 32.61 OK
r-devel-linux-x86_64-fedora-clang 1.3.6 61.94 OK
r-devel-linux-x86_64-fedora-gcc 1.3.6 50.02 OK
r-devel-windows-ix86+x86_64 1.3.6 10.00 48.00 58.00 OK
r-patched-linux-x86_64 1.3.6 6.49 35.23 41.72 OK
r-patched-solaris-x86 1.3.6 64.80 OK
r-release-linux-x86_64 1.3.6 6.31 36.22 42.53 OK
r-release-macos-x86_64 1.3.6 OK
r-release-windows-ix86+x86_64 1.3.6 10.00 39.00 49.00 OK
r-oldrel-macos-x86_64 1.3.6 NOTE
r-oldrel-windows-ix86+x86_64 1.3.6 8.00 48.00 56.00 NOTE

Check Details

Version: 1.3.6
Check: R code for possible problems
Result: NOTE
    plotCluster: no visible global function definition for ‘plot’
    qqbeta: no visible global function definition for ‘plot’
    viewClusters: no visible global function definition for ‘plot’
    Undefined global functions or variables:
     plot
    Consider adding
     importFrom("graphics", "plot")
    to your NAMESPACE file.
Flavors: r-oldrel-macos-x86_64, r-oldrel-windows-ix86+x86_64