CRAN Package Check Results for Package cleaner

Last updated on 2021-03-08 05:47:24 CET.

Flavor Version Tinstall Tcheck Ttotal Status Flags
r-devel-linux-x86_64-debian-clang 1.5.1 4.47 42.70 47.17 OK
r-devel-linux-x86_64-debian-gcc 1.5.1 3.60 31.67 35.27 OK
r-devel-linux-x86_64-fedora-clang 1.5.1 66.04 OK
r-devel-linux-x86_64-fedora-gcc 1.5.1 54.02 OK
r-devel-windows-ix86+x86_64 1.5.1 10.00 56.00 66.00 OK
r-devel-windows-x86_64-gcc10-UCRT 1.5.1 OK
r-patched-linux-x86_64 1.5.1 4.92 39.45 44.37 OK
r-patched-solaris-x86 1.5.1 81.50 OK
r-release-linux-x86_64 1.5.1 4.94 39.17 44.11 OK
r-release-macos-x86_64 1.5.1 OK
r-release-windows-ix86+x86_64 1.5.1 8.00 43.00 51.00 WARN
r-oldrel-macos-x86_64 1.5.1 OK
r-oldrel-windows-ix86+x86_64 1.5.1 6.00 43.00 49.00 OK

Check Details

Version: 1.5.1
Check: R files for syntax errors
Result: WARN
    Warnings in file 'R/currency.R':
     unable to translate '<U+20AC>' to native encoding
     unable to translate '<U+00A5>' to native encoding
     unable to translate '<U+00A3>' to native encoding
Flavor: r-release-windows-ix86+x86_64