CRAN Package Check Results for Package ceterisParibus

Last updated on 2024-06-22 06:50:40 CEST.

Flavor Version Tinstall Tcheck Ttotal Status Flags
r-devel-linux-x86_64-debian-clang 0.4.2 6.29 60.85 67.14 NOTE
r-devel-linux-x86_64-debian-gcc 0.4.2 5.11 47.97 53.08 NOTE
r-devel-linux-x86_64-fedora-clang 0.4.2 85.75 NOTE
r-devel-linux-x86_64-fedora-gcc 0.4.2 88.08 NOTE
r-devel-windows-x86_64 0.4.2 7.00 69.00 76.00 NOTE
r-patched-linux-x86_64 0.4.2 5.35 59.93 65.28 NOTE
r-release-linux-x86_64 0.4.2 5.45 60.80 66.25 NOTE
r-release-macos-arm64 0.4.2 34.00 NOTE
r-release-macos-x86_64 0.4.2 87.00 NOTE
r-release-windows-x86_64 0.4.2 9.00 70.00 79.00 NOTE
r-oldrel-macos-arm64 0.4.2 35.00 NOTE
r-oldrel-macos-x86_64 0.4.2 45.00 NOTE
r-oldrel-windows-x86_64 0.4.2 10.00 78.00 88.00 NOTE

Check Details

Version: 0.4.2
Check: package subdirectories
Result: NOTE Problems with news in ‘NEWS.md’: Cannot extract version info from the following section titles: Major refactoring of the code Flavors: r-devel-linux-x86_64-debian-clang, r-devel-linux-x86_64-debian-gcc, r-devel-linux-x86_64-fedora-clang, r-devel-linux-x86_64-fedora-gcc, r-devel-windows-x86_64, r-patched-linux-x86_64, r-release-linux-x86_64, r-release-macos-arm64, r-release-macos-x86_64, r-release-windows-x86_64, r-oldrel-macos-arm64, r-oldrel-macos-x86_64, r-oldrel-windows-x86_64

Version: 0.4.2
Check: LazyData
Result: NOTE 'LazyData' is specified without a 'data' directory Flavors: r-devel-linux-x86_64-debian-clang, r-devel-linux-x86_64-debian-gcc, r-devel-linux-x86_64-fedora-clang, r-devel-linux-x86_64-fedora-gcc, r-devel-windows-x86_64, r-patched-linux-x86_64, r-release-linux-x86_64, r-release-macos-arm64, r-release-macos-x86_64, r-release-windows-x86_64, r-oldrel-macos-arm64, r-oldrel-macos-x86_64, r-oldrel-windows-x86_64

Version: 0.4.2
Check: dependencies in R code
Result: NOTE Namespace in Imports field not imported from: ‘knitr’ All declared Imports should be used. Flavors: r-devel-linux-x86_64-fedora-clang, r-devel-linux-x86_64-fedora-gcc